CRAN Package Check Results for Package BAGofT

Last updated on 2025-04-30 04:50:00 CEST.

Flavor Version Tinstall Tcheck Ttotal Status Flags
r-devel-linux-x86_64-debian-clang 1.0.0 1.91 20.92 22.83 NOTE
r-devel-linux-x86_64-debian-gcc 1.0.0 1.55 16.59 18.14 NOTE
r-devel-linux-x86_64-fedora-clang 1.0.0 36.43 OK
r-devel-linux-x86_64-fedora-gcc 1.0.0 37.06 OK
r-devel-windows-x86_64 1.0.0 3.00 43.00 46.00 OK
r-patched-linux-x86_64 1.0.0 1.87 19.71 21.58 OK
r-release-linux-x86_64 1.0.0 1.61 19.65 21.26 OK
r-release-macos-arm64 1.0.0 19.00 OK
r-release-macos-x86_64 1.0.0 26.00 OK
r-release-windows-x86_64 1.0.0 3.00 45.00 48.00 OK
r-oldrel-macos-arm64 1.0.0 17.00 OK
r-oldrel-macos-x86_64 1.0.0 22.00 OK
r-oldrel-windows-x86_64 1.0.0 4.00 44.00 48.00 OK

Check Details

Version: 1.0.0
Check: CRAN incoming feasibility
Result: NOTE Maintainer: ‘Jiawei Zhang <zhan4362@umn.edu>’ The Description field contains can be found in Zhang, Ding and Yang (2021) <arXiv:1911.03063v2>. Please refer to arXiv e-prints via their arXiv DOI <doi:10.48550/arXiv.YYMM.NNNNN>. Flavors: r-devel-linux-x86_64-debian-clang, r-devel-linux-x86_64-debian-gcc