CRAN Package Check Results for Package BAMMtools

Last updated on 2025-04-30 04:50:00 CEST.

Flavor Version Tinstall Tcheck Ttotal Status Flags
r-devel-linux-x86_64-debian-clang 2.1.12 9.02 127.14 136.16 NOTE
r-devel-linux-x86_64-debian-gcc 2.1.12 6.99 84.05 91.04 OK
r-devel-linux-x86_64-fedora-clang 2.1.12 232.97 OK
r-devel-linux-x86_64-fedora-gcc 2.1.12 232.48 OK
r-devel-windows-x86_64 2.1.12 15.00 143.00 158.00 OK
r-patched-linux-x86_64 2.1.12 10.50 122.92 133.42 OK
r-release-linux-x86_64 2.1.12 9.53 122.68 132.21 OK
r-release-macos-arm64 2.1.12 63.00 OK
r-release-macos-x86_64 2.1.12 121.00 OK
r-release-windows-x86_64 2.1.12 16.00 146.00 162.00 OK
r-oldrel-macos-arm64 2.1.12 58.00 OK
r-oldrel-macos-x86_64 2.1.12 126.00 OK
r-oldrel-windows-x86_64 2.1.12 19.00 179.00 198.00 OK

Check Details

Version: 2.1.12
Check: examples
Result: NOTE Examples with CPU (user + system) or elapsed time > 5s user system elapsed getEventData 4.22 0.02 5.025 Flavor: r-devel-linux-x86_64-debian-clang