Last updated on 2025-04-30 04:50:00 CEST.
Flavor | Version | Tinstall | Tcheck | Ttotal | Status | Flags |
---|---|---|---|---|---|---|
r-devel-linux-x86_64-debian-clang | 2.9.9 | 87.75 | 144.77 | 232.52 | NOTE | |
r-devel-linux-x86_64-debian-gcc | 2.9.9 | 61.55 | 99.28 | 160.83 | NOTE | |
r-devel-linux-x86_64-fedora-clang | 2.9.9 | 415.62 | OK | |||
r-devel-linux-x86_64-fedora-gcc | 2.9.9 | 421.86 | OK | |||
r-devel-windows-x86_64 | 2.9.9 | 100.00 | 182.00 | 282.00 | OK | |
r-patched-linux-x86_64 | 2.9.9 | 87.73 | 134.38 | 222.11 | NOTE | |
r-release-linux-x86_64 | 2.9.9 | 85.53 | 135.66 | 221.19 | NOTE | |
r-release-macos-arm64 | 2.9.9 | 124.00 | OK | |||
r-release-macos-x86_64 | 2.9.9 | 170.00 | OK | |||
r-release-windows-x86_64 | 2.9.9 | 105.00 | 192.00 | 297.00 | OK | |
r-oldrel-macos-arm64 | 2.9.9 | 125.00 | NOTE | |||
r-oldrel-macos-x86_64 | 2.9.9 | 213.00 | NOTE | |||
r-oldrel-windows-x86_64 | 2.9.9 | 113.00 | 207.00 | 320.00 | NOTE |
Version: 2.9.9
Check: examples
Result: NOTE
Examples with CPU (user + system) or elapsed time > 5s
user system elapsed
predict.criskbart 4.865 0.605 10.839
mc.crisk.pwbart 4.960 0.446 11.557
mc.crisk2.pwbart 2.823 0.524 5.159
predict.crisk2bart 2.745 0.555 5.956
rs.pbart 1.240 1.592 7.924
Flavor: r-devel-linux-x86_64-debian-clang
Version: 2.9.9
Check: for unstated dependencies in ‘demo’
Result: NOTE
'library' or 'require' calls not declared from:
‘rpart’ ‘rpart.plot’
Flavors: r-devel-linux-x86_64-debian-clang, r-devel-linux-x86_64-debian-gcc, r-patched-linux-x86_64, r-release-linux-x86_64
Version: 2.9.9
Check: examples
Result: NOTE
Examples with CPU (user + system) or elapsed time > 5s
user system elapsed
mc.crisk.pwbart 3.085 0.67 5.308
Flavor: r-devel-linux-x86_64-debian-gcc
Version: 2.9.9
Check: installed package size
Result: NOTE
installed size is 8.1Mb
sub-directories of 1Mb or more:
data 3.1Mb
libs 3.4Mb
Flavors: r-oldrel-macos-arm64, r-oldrel-macos-x86_64, r-oldrel-windows-x86_64