Last updated on 2025-04-30 04:50:00 CEST.
Flavor | Version | Tinstall | Tcheck | Ttotal | Status | Flags |
---|---|---|---|---|---|---|
r-devel-linux-x86_64-debian-clang | 2019.10-1 | 2.55 | 284.15 | 286.70 | NOTE | |
r-devel-linux-x86_64-debian-gcc | 2019.10-1 | 2.02 | 198.91 | 200.93 | NOTE | |
r-devel-linux-x86_64-fedora-clang | 2019.10-1 | 440.19 | OK | |||
r-devel-linux-x86_64-fedora-gcc | 2019.10-1 | 504.04 | OK | |||
r-devel-windows-x86_64 | 2019.10-1 | 5.00 | 354.00 | 359.00 | OK | |
r-patched-linux-x86_64 | 2019.10-1 | 2.71 | 270.77 | 273.48 | OK | |
r-release-linux-x86_64 | 2019.10-1 | 3.00 | 270.34 | 273.34 | OK | |
r-release-macos-arm64 | 2019.10-1 | 141.00 | OK | |||
r-release-macos-x86_64 | 2019.10-1 | 319.00 | OK | |||
r-release-windows-x86_64 | 2019.10-1 | 3.00 | 345.00 | 348.00 | OK | |
r-oldrel-macos-arm64 | 2019.10-1 | 150.00 | OK | |||
r-oldrel-macos-x86_64 | 2019.10-1 | 220.00 | OK | |||
r-oldrel-windows-x86_64 | 2019.10-1 | 5.00 | 420.00 | 425.00 | OK |
Version: 2019.10-1
Check: CRAN incoming feasibility
Result: NOTE
Maintainer: ‘Paul Gilbert <pgilbert.ttv9z@ncf.ca>’
Package CITATION file contains call(s) to old-style personList() or
as.personList(). Please use c() on person objects instead.
Package CITATION file contains call(s) to old-style citEntry(). Please
use bibentry() instead.
Flavors: r-devel-linux-x86_64-debian-clang, r-devel-linux-x86_64-debian-gcc