Last updated on 2025-04-30 04:50:00 CEST.
Flavor | Version | Tinstall | Tcheck | Ttotal | Status | Flags |
---|---|---|---|---|---|---|
r-devel-linux-x86_64-debian-clang | 0.1.0 | 2.83 | 32.42 | 35.25 | NOTE | |
r-devel-linux-x86_64-debian-gcc | 0.1.0 | 2.00 | 24.25 | 26.25 | NOTE | |
r-devel-linux-x86_64-fedora-clang | 0.1.0 | 53.95 | OK | |||
r-devel-linux-x86_64-fedora-gcc | 0.1.0 | 53.82 | OK | |||
r-devel-windows-x86_64 | 0.1.0 | 3.00 | 55.00 | 58.00 | OK | |
r-patched-linux-x86_64 | 0.1.0 | 3.19 | 29.83 | 33.02 | OK | |
r-release-linux-x86_64 | 0.1.0 | 2.81 | 29.79 | 32.60 | OK | |
r-release-macos-arm64 | 0.1.0 | 29.00 | OK | |||
r-release-macos-x86_64 | 0.1.0 | 39.00 | OK | |||
r-release-windows-x86_64 | 0.1.0 | 4.00 | 56.00 | 60.00 | OK | |
r-oldrel-macos-arm64 | 0.1.0 | 22.00 | OK | |||
r-oldrel-macos-x86_64 | 0.1.0 | 29.00 | OK | |||
r-oldrel-windows-x86_64 | 0.1.0 | 5.00 | 56.00 | 61.00 | OK |
Version: 0.1.0
Check: CRAN incoming feasibility
Result: NOTE
Maintainer: ‘Wang Yudong <yudongw@u.nus.edu>’
No Authors@R field in DESCRIPTION.
Please add one, modifying
Authors@R: c(person(given = "Wang",
family = "Yudong",
role = c("aut", "cre"),
email = "yudongw@u.nus.edu"),
person(given = "Ye",
family = "Zhisheng",
role = "aut"),
person(given = "Cao",
family = "Hongyuan",
role = "aut"))
as necessary.
Flavors: r-devel-linux-x86_64-debian-clang, r-devel-linux-x86_64-debian-gcc