Last updated on 2025-04-30 04:50:00 CEST.
Flavor | Version | Tinstall | Tcheck | Ttotal | Status | Flags |
---|---|---|---|---|---|---|
r-devel-linux-x86_64-debian-clang | 1.1.3 | 3.05 | 345.98 | 349.03 | NOTE | |
r-devel-linux-x86_64-debian-gcc | 1.1.3 | 2.14 | 188.57 | 190.71 | OK | |
r-devel-linux-x86_64-fedora-clang | 1.1.3 | 658.97 | OK | |||
r-devel-linux-x86_64-fedora-gcc | 1.1.3 | 623.58 | OK | |||
r-devel-windows-x86_64 | 1.1.3 | 4.00 | 296.00 | 300.00 | OK | |
r-patched-linux-x86_64 | 1.1.3 | 3.40 | 327.00 | 330.40 | OK | |
r-release-linux-x86_64 | 1.1.3 | 3.01 | 328.63 | 331.64 | OK | |
r-release-macos-arm64 | 1.1.3 | 150.00 | OK | |||
r-release-macos-x86_64 | 1.1.3 | 332.00 | OK | |||
r-release-windows-x86_64 | 1.1.3 | 5.00 | 294.00 | 299.00 | OK | |
r-oldrel-macos-arm64 | 1.1.3 | 193.00 | OK | |||
r-oldrel-macos-x86_64 | 1.1.3 | 307.00 | OK | |||
r-oldrel-windows-x86_64 | 1.1.3 | 5.00 | 450.00 | 455.00 | OK |
Version: 1.1.3
Check: examples
Result: NOTE
Examples with CPU (user + system) or elapsed time > 5s
user system elapsed
get_diagnostics 4.232 0.059 6.137
Flavor: r-devel-linux-x86_64-debian-clang