Last updated on 2025-04-30 04:50:00 CEST.
Flavor | Version | Tinstall | Tcheck | Ttotal | Status | Flags |
---|---|---|---|---|---|---|
r-devel-linux-x86_64-debian-clang | 2.4.7 | 33.33 | 606.81 | 640.14 | NOTE | |
r-devel-linux-x86_64-debian-gcc | 2.4.7 | 25.47 | 439.29 | 464.76 | NOTE | |
r-devel-linux-x86_64-fedora-clang | 2.4.7 | 946.97 | NOTE | |||
r-devel-linux-x86_64-fedora-gcc | 2.4.7 | 985.69 | NOTE | |||
r-devel-windows-x86_64 | 2.4.7 | 26.00 | 554.00 | 580.00 | NOTE | |
r-patched-linux-x86_64 | 2.4.7 | 35.35 | 586.45 | 621.80 | NOTE | |
r-release-linux-x86_64 | 2.4.7 | 36.03 | 585.05 | 621.08 | NOTE | |
r-release-macos-arm64 | 2.4.7 | 258.00 | NOTE | |||
r-release-macos-x86_64 | 2.4.7 | 603.00 | NOTE | |||
r-release-windows-x86_64 | 2.4.7 | 26.00 | 545.00 | 571.00 | NOTE | |
r-oldrel-macos-arm64 | 2.4.7 | 170.00 | OK | |||
r-oldrel-macos-x86_64 | 2.4.7 | 290.00 | OK | |||
r-oldrel-windows-x86_64 | 2.4.7 | 34.00 | 733.00 | 767.00 | OK |
Version: 2.4.7
Check: DESCRIPTION meta-information
Result: NOTE
Missing dependency on R >= 4.1.0 because package code uses the pipe
|> or function shorthand \(...) syntax added in R 4.1.0.
File(s) using such syntax:
‘ceac_plot_graph.R’ ‘ceef_plot_graph.R’ ‘ceplane_plot_graph.R’
‘contour_graph.R’ ‘eib_plot_graph.R’ ‘evppi.default.R’
‘evppi_plot_ggplot.R’ ‘info_rank_graph.R’ ‘plot.bcea.R’
‘prep_ceplane_params.R’
Flavors: r-devel-linux-x86_64-debian-clang, r-devel-linux-x86_64-debian-gcc, r-devel-linux-x86_64-fedora-clang, r-devel-linux-x86_64-fedora-gcc, r-devel-windows-x86_64, r-patched-linux-x86_64, r-release-linux-x86_64, r-release-macos-arm64, r-release-macos-x86_64, r-release-windows-x86_64
Version: 2.4.7
Check: examples
Result: NOTE
Examples with CPU (user + system) or elapsed time > 5s
user system elapsed
ceplane_plot_graph 5.633 0.032 8.038
ceac.plot 4.533 0.313 6.625
multi.ce 4.705 0.011 5.591
plot.bcea 4.617 0.019 5.368
summary.pairwise 4.473 0.008 5.521
eib.plot 3.667 0.019 5.190
evppi 3.624 0.020 5.117
Flavor: r-devel-linux-x86_64-debian-clang