CRAN Package Check Results for Package BCgee

Last updated on 2025-04-30 04:50:00 CEST.

Flavor Version Tinstall Tcheck Ttotal Status Flags
r-devel-linux-x86_64-debian-clang 0.1.1 2.11 19.81 21.92 NOTE
r-devel-linux-x86_64-debian-gcc 0.1.1 1.63 15.74 17.37 NOTE
r-devel-linux-x86_64-fedora-clang 0.1.1 34.55 OK
r-devel-linux-x86_64-fedora-gcc 0.1.1 34.35 OK
r-devel-windows-x86_64 0.1.1 2.00 53.00 55.00 OK
r-patched-linux-x86_64 0.1.1 2.20 18.95 21.15 OK
r-release-linux-x86_64 0.1.1 2.14 19.21 21.35 OK
r-release-macos-arm64 0.1.1 17.00 OK
r-release-macos-x86_64 0.1.1 25.00 OK
r-release-windows-x86_64 0.1.1 3.00 42.00 45.00 OK
r-oldrel-macos-arm64 0.1.1 21.00 OK
r-oldrel-macos-x86_64 0.1.1 30.00 OK
r-oldrel-windows-x86_64 0.1.1 3.00 41.00 44.00 OK

Check Details

Version: 0.1.1
Check: CRAN incoming feasibility
Result: NOTE Maintainer: ‘Nicola Lunardon <nicola.lunardon@unimib.it>’ No Authors@R field in DESCRIPTION. Please add one, modifying Authors@R: c(person(given = "Nicola", family = "Lunardon", role = c("aut", "cre"), email = "nicola.lunardon@unimib.it"), person(given = "Daniel", family = "Scharfstein", role = "aut", email = "dscharf@jhu.edu")) as necessary. Flavors: r-devel-linux-x86_64-debian-clang, r-devel-linux-x86_64-debian-gcc