Last updated on 2025-02-21 03:52:07 CET.
Flavor | Version | Tinstall | Tcheck | Ttotal | Status | Flags |
---|---|---|---|---|---|---|
r-devel-linux-x86_64-debian-clang | 0.1.3 | 32.60 | 73.00 | 105.60 | NOTE | |
r-devel-linux-x86_64-debian-gcc | 0.1.3 | 23.72 | 52.01 | 75.73 | NOTE | |
r-devel-linux-x86_64-fedora-clang | 0.1.3 | 175.62 | NOTE | |||
r-devel-linux-x86_64-fedora-gcc | 0.1.3 | 275.97 | NOTE | |||
r-devel-macos-arm64 | 0.1.3 | 77.00 | NOTE | |||
r-devel-macos-x86_64 | 0.1.3 | 165.00 | NOTE | |||
r-devel-windows-x86_64 | 0.1.3 | 34.00 | 98.00 | 132.00 | NOTE | |
r-patched-linux-x86_64 | 0.1.3 | 28.56 | 67.88 | 96.44 | NOTE | |
r-release-linux-x86_64 | 0.1.3 | 33.13 | 67.96 | 101.09 | NOTE | |
r-release-macos-arm64 | 0.1.3 | 82.00 | NOTE | |||
r-release-macos-x86_64 | 0.1.3 | 177.00 | NOTE | |||
r-release-windows-x86_64 | 0.1.3 | 34.00 | 93.00 | 127.00 | NOTE | |
r-oldrel-macos-arm64 | 0.1.3 | 84.00 | NOTE | |||
r-oldrel-macos-x86_64 | 0.1.3 | 138.00 | NOTE | |||
r-oldrel-windows-x86_64 | 0.1.3 | 39.00 | 118.00 | 157.00 | NOTE |
Version: 0.1.3
Check: C++ specification
Result: NOTE
Specified C++11: please drop specification unless essential
Flavors: r-devel-linux-x86_64-debian-clang, r-devel-linux-x86_64-debian-gcc, r-devel-linux-x86_64-fedora-clang, r-devel-linux-x86_64-fedora-gcc, r-devel-macos-arm64, r-devel-macos-x86_64, r-devel-windows-x86_64, r-patched-linux-x86_64, r-release-linux-x86_64, r-release-macos-arm64, r-release-macos-x86_64, r-release-windows-x86_64, r-oldrel-macos-arm64, r-oldrel-macos-x86_64, r-oldrel-windows-x86_64