Last updated on 2025-04-30 04:50:00 CEST.
Flavor | Version | Tinstall | Tcheck | Ttotal | Status | Flags |
---|---|---|---|---|---|---|
r-devel-linux-x86_64-debian-clang | 1.3.0 | 8.53 | 68.67 | 77.20 | NOTE | |
r-devel-linux-x86_64-debian-gcc | 1.3.0 | 5.83 | 49.94 | 55.77 | NOTE | |
r-devel-linux-x86_64-fedora-clang | 1.3.0 | 119.18 | OK | |||
r-devel-linux-x86_64-fedora-gcc | 1.3.0 | 121.15 | OK | |||
r-devel-windows-x86_64 | 1.3.0 | 11.00 | 86.00 | 97.00 | OK | |
r-patched-linux-x86_64 | 1.3.0 | 7.51 | 66.31 | 73.82 | OK | |
r-release-linux-x86_64 | 1.3.0 | 7.94 | 66.01 | 73.95 | OK | |
r-release-macos-arm64 | 1.3.0 | 38.00 | OK | |||
r-release-macos-x86_64 | 1.3.0 | 62.00 | OK | |||
r-release-windows-x86_64 | 1.3.0 | 9.00 | 82.00 | 91.00 | OK | |
r-oldrel-macos-arm64 | 1.3.0 | 35.00 | OK | |||
r-oldrel-macos-x86_64 | 1.3.0 | 59.00 | OK | |||
r-oldrel-windows-x86_64 | 1.3.0 | 12.00 | 99.00 | 111.00 | OK |
Version: 1.3.0
Check: CRAN incoming feasibility
Result: NOTE
Maintainer: ‘Hamed Haselimashhadi <hamedhaseli@gmail.com>’
No Authors@R field in DESCRIPTION.
Please add one, modifying
Authors@R: person(given = "Hamed",
family = "Haselimashhadi",
role = c("aut", "cre"),
email = "hamedhaseli@gmail.com")
as necessary.
Flavors: r-devel-linux-x86_64-debian-clang, r-devel-linux-x86_64-debian-gcc