Last updated on 2025-04-30 04:50:00 CEST.
Flavor | Version | Tinstall | Tcheck | Ttotal | Status | Flags |
---|---|---|---|---|---|---|
r-devel-linux-x86_64-debian-clang | 2.73 | 48.81 | 83.99 | 132.80 | OK | |
r-devel-linux-x86_64-debian-gcc | 2.73 | 37.88 | 56.21 | 94.09 | OK | |
r-devel-linux-x86_64-fedora-clang | 2.73 | 217.76 | OK | |||
r-devel-linux-x86_64-fedora-gcc | 2.73 | 253.62 | OK | |||
r-devel-windows-x86_64 | 2.73 | 59.00 | 109.00 | 168.00 | OK | |
r-patched-linux-x86_64 | 2.73 | 59.74 | 74.28 | 134.02 | OK | |
r-release-linux-x86_64 | 2.73 | 56.08 | 73.77 | 129.85 | OK | |
r-release-macos-arm64 | 2.73 | 73.00 | OK | |||
r-release-macos-x86_64 | 2.73 | 96.00 | OK | |||
r-release-windows-x86_64 | 2.73 | 64.00 | 105.00 | 169.00 | OK | |
r-oldrel-macos-arm64 | 2.73 | 67.00 | OK | |||
r-oldrel-macos-x86_64 | 2.73 | 142.00 | NOTE | |||
r-oldrel-windows-x86_64 | 2.73 | 68.00 | 125.00 | 193.00 | OK |
Version: 2.73
Check: installed package size
Result: NOTE
installed size is 5.2Mb
sub-directories of 1Mb or more:
libs 3.7Mb
Flavor: r-oldrel-macos-x86_64