CRAN Package Check Results for Package BE

Last updated on 2025-04-30 04:50:00 CEST.

Flavor Version Tinstall Tcheck Ttotal Status Flags
r-devel-linux-x86_64-debian-clang 0.2.4 2.67 24.80 27.47 NOTE
r-devel-linux-x86_64-debian-gcc 0.2.4 1.94 19.22 21.16 NOTE
r-devel-linux-x86_64-fedora-clang 0.2.4 42.62 OK
r-devel-linux-x86_64-fedora-gcc 0.2.4 42.55 OK
r-devel-windows-x86_64 0.2.4 3.00 53.00 56.00 OK
r-patched-linux-x86_64 0.2.4 3.06 23.51 26.57 OK
r-release-linux-x86_64 0.2.4 2.58 23.61 26.19 OK
r-release-macos-arm64 0.2.4 20.00 OK
r-release-macos-x86_64 0.2.4 28.00 OK
r-release-windows-x86_64 0.2.4 4.00 53.00 57.00 OK
r-oldrel-macos-arm64 0.2.4 18.00 OK
r-oldrel-macos-x86_64 0.2.4 28.00 OK
r-oldrel-windows-x86_64 0.2.4 4.00 53.00 57.00 OK

Check Details

Version: 0.2.4
Check: CRAN incoming feasibility
Result: NOTE Maintainer: ‘Kyun-Seop Bae <k@acr.kr>’ No Authors@R field in DESCRIPTION. Please add one, modifying Authors@R: person(given = "Kyun-Seop", family = "Bae", role = c("aut", "cre"), email = "k@acr.kr") as necessary. Flavors: r-devel-linux-x86_64-debian-clang, r-devel-linux-x86_64-debian-gcc