CRAN Package Check Results for Package BEKKs

Last updated on 2025-04-30 04:50:00 CEST.

Flavor Version Tinstall Tcheck Ttotal Status Flags
r-devel-linux-x86_64-debian-clang 1.4.5 135.19 613.00 748.19 OK
r-devel-linux-x86_64-debian-gcc 1.4.5 87.60 303.44 391.04 OK
r-devel-linux-x86_64-fedora-clang 1.4.5 1099.25 OK
r-devel-linux-x86_64-fedora-gcc 1.4.5 887.76 OK
r-devel-windows-x86_64 1.4.5 132.00 350.00 482.00 OK
r-patched-linux-x86_64 1.4.5 122.40 398.13 520.53 OK
r-release-linux-x86_64 1.4.5 125.59 398.35 523.94 OK
r-release-macos-arm64 1.4.5 219.00 OK
r-release-macos-x86_64 1.4.5 548.00 OK
r-release-windows-x86_64 1.4.5 128.00 345.00 473.00 OK
r-oldrel-macos-arm64 1.4.5 211.00 NOTE
r-oldrel-macos-x86_64 1.4.5 363.00 NOTE
r-oldrel-windows-x86_64 1.4.5 147.00 479.00 626.00 OK

Check Details

Version: 1.4.5
Check: installed package size
Result: NOTE installed size is 14.5Mb sub-directories of 1Mb or more: libs 13.5Mb Flavors: r-oldrel-macos-arm64, r-oldrel-macos-x86_64