Last updated on 2025-04-30 04:50:00 CEST.
Flavor | Version | Tinstall | Tcheck | Ttotal | Status | Flags |
---|---|---|---|---|---|---|
r-devel-linux-x86_64-debian-clang | 0.5.2 | 2.16 | 66.66 | 68.82 | NOTE | |
r-devel-linux-x86_64-debian-gcc | 0.5.2 | 1.96 | 42.32 | 44.28 | NOTE | |
r-devel-linux-x86_64-fedora-clang | 0.5.2 | 116.89 | NOTE | |||
r-devel-linux-x86_64-fedora-gcc | 0.5.2 | 134.55 | NOTE | |||
r-devel-windows-x86_64 | 0.5.2 | 4.00 | 77.00 | 81.00 | OK | |
r-patched-linux-x86_64 | 0.5.2 | 2.76 | 64.72 | 67.48 | OK | |
r-release-linux-x86_64 | 0.5.2 | 2.26 | 62.94 | 65.20 | OK | |
r-release-macos-arm64 | 0.5.2 | 38.00 | OK | |||
r-release-macos-x86_64 | 0.5.2 | 114.00 | OK | |||
r-release-windows-x86_64 | 0.5.2 | 4.00 | 76.00 | 80.00 | OK | |
r-oldrel-macos-arm64 | 0.5.2 | 43.00 | OK | |||
r-oldrel-macos-x86_64 | 0.5.2 | 84.00 | OK | |||
r-oldrel-windows-x86_64 | 0.5.2 | 4.00 | 93.00 | 97.00 | OK |
Version: 0.5.2
Check: CRAN incoming feasibility
Result: NOTE
Maintainer: ‘Beaulac Cedric <cedric@utstat.toronto.edu>’
Package CITATION file contains call(s) to old-style personList() or
as.personList(). Please use c() on person objects instead.
Package CITATION file contains call(s) to old-style citEntry(). Please
use bibentry() instead.
The Description field contains
Rosentahl (2019) <arXiv:1804.10168>.
Please refer to arXiv e-prints via their arXiv DOI <doi:10.48550/arXiv.YYMM.NNNNN>.
Flavors: r-devel-linux-x86_64-debian-clang, r-devel-linux-x86_64-debian-gcc
Version: 0.5.2
Check: examples
Result: NOTE
Examples with CPU (user + system) or elapsed time > 5s
user system elapsed
VI 7.465 0.008 9.205
BaggedBEST 7.439 0.009 9.228
FPredict 7.289 0.004 8.090
BESTForest 4.531 0.003 5.745
Flavor: r-devel-linux-x86_64-debian-clang
Version: 0.5.2
Check: examples
Result: NOTE
Examples with CPU (user + system) or elapsed time > 5s
user system elapsed
VI 4.532 0.012 6.114
Flavor: r-devel-linux-x86_64-debian-gcc
Version: 0.5.2
Check: dependencies in R code
Result: NOTE
Namespace in Imports field not imported from: ‘compiler’
All declared Imports should be used.
Flavors: r-devel-linux-x86_64-fedora-clang, r-devel-linux-x86_64-fedora-gcc