CRAN Package Check Results for Package BGGE

Last updated on 2025-04-30 04:50:00 CEST.

Flavor Version Tinstall Tcheck Ttotal Status Flags
r-devel-linux-x86_64-debian-clang 0.6.5 2.02 24.00 26.02 OK
r-devel-linux-x86_64-debian-gcc 0.6.5 1.67 20.30 21.97 OK
r-devel-linux-x86_64-fedora-clang 0.6.5 41.13 OK
r-devel-linux-x86_64-fedora-gcc 0.6.5 44.90 OK
r-devel-windows-x86_64 0.6.5 2.00 48.00 50.00 OK
r-patched-linux-x86_64 0.6.5 1.88 25.05 26.93 OK
r-release-linux-x86_64 0.6.5 2.03 25.06 27.09 OK
r-release-macos-arm64 0.6.5 19.00 OK
r-release-macos-x86_64 0.6.5 49.00 OK
r-release-windows-x86_64 0.6.5 4.00 47.00 51.00 OK
r-oldrel-macos-arm64 0.6.5 24.00 NOTE
r-oldrel-macos-x86_64 0.6.5 45.00 NOTE
r-oldrel-windows-x86_64 0.6.5 3.00 49.00 52.00 NOTE

Check Details

Version: 0.6.5
Check: LazyData
Result: NOTE 'LazyData' is specified without a 'data' directory Flavors: r-oldrel-macos-arm64, r-oldrel-macos-x86_64, r-oldrel-windows-x86_64