Last updated on 2025-04-30 04:50:00 CEST.
Flavor | Version | Tinstall | Tcheck | Ttotal | Status | Flags |
---|---|---|---|---|---|---|
r-devel-linux-x86_64-debian-clang | 2.1.5 | 97.77 | 403.26 | 501.03 | OK | |
r-devel-linux-x86_64-debian-gcc | 2.1.5 | 66.14 | 283.31 | 349.45 | OK | |
r-devel-linux-x86_64-fedora-clang | 2.1.5 | 818.86 | OK | |||
r-devel-linux-x86_64-fedora-gcc | 2.1.5 | 815.76 | OK | |||
r-devel-windows-x86_64 | 2.1.5 | 86.00 | 400.00 | 486.00 | OK | |
r-patched-linux-x86_64 | 2.1.5 | 96.94 | 383.13 | 480.07 | OK | |
r-release-linux-x86_64 | 2.1.5 | 91.90 | 378.20 | 470.10 | OK | |
r-release-macos-arm64 | 2.1.5 | 208.00 | OK | |||
r-release-macos-x86_64 | 2.1.5 | 389.00 | OK | |||
r-release-windows-x86_64 | 2.1.5 | 86.00 | 390.00 | 476.00 | OK | |
r-oldrel-macos-arm64 | 2.1.5 | 182.00 | NOTE | |||
r-oldrel-macos-x86_64 | 2.1.5 | 289.00 | NOTE | |||
r-oldrel-windows-x86_64 | 2.1.5 | 109.00 | 527.00 | 636.00 | NOTE |
Version: 2.1.5
Check: installed package size
Result: NOTE
installed size is 12.9Mb
sub-directories of 1Mb or more:
doc 3.3Mb
help 1.1Mb
libs 7.7Mb
Flavors: r-oldrel-macos-arm64, r-oldrel-macos-x86_64, r-oldrel-windows-x86_64