Last updated on 2025-11-03 03:49:35 CET.
| Flavor | Version | Tinstall | Tcheck | Ttotal | Status | Flags |
|---|---|---|---|---|---|---|
| r-devel-linux-x86_64-debian-clang | 2.1.1 | 10.92 | 156.14 | 167.06 | NOTE | |
| r-devel-linux-x86_64-debian-gcc | 2.1.1 | 6.77 | 102.59 | 109.36 | NOTE | |
| r-devel-linux-x86_64-fedora-clang | 2.1.1 | 32.00 | 229.66 | 261.66 | OK | |
| r-devel-linux-x86_64-fedora-gcc | 2.1.1 | 22.00 | 240.33 | 262.33 | OK | |
| r-devel-windows-x86_64 | 2.1.1 | 12.00 | 155.00 | 167.00 | OK | |
| r-patched-linux-x86_64 | 2.1.1 | 11.37 | 146.59 | 157.96 | OK | |
| r-release-linux-x86_64 | 2.1.1 | 11.17 | 147.32 | 158.49 | OK | |
| r-release-macos-arm64 | 2.1.1 | 4.00 | 62.00 | 66.00 | OK | |
| r-release-macos-x86_64 | 2.1.1 | 9.00 | 110.00 | 119.00 | OK | |
| r-release-windows-x86_64 | 2.1.1 | 13.00 | 151.00 | 164.00 | OK | |
| r-oldrel-macos-arm64 | 2.1.1 | 4.00 | 58.00 | 62.00 | OK | |
| r-oldrel-macos-x86_64 | 2.1.1 | 6.00 | 86.00 | 92.00 | OK | |
| r-oldrel-windows-x86_64 | 2.1.1 | 18.00 | 196.00 | 214.00 | OK |
Version: 2.1.1
Check: CRAN incoming feasibility
Result: NOTE
Maintainer: ‘Emilio Akira Morones Ishikawa <emiliomorones@gmail.com>’
No Authors@R field in DESCRIPTION.
Please add one, modifying
Authors@R: c(person(given = c("L.", "E."),
family = "Nieto-Barajas",
role = "aut"),
person(given = c("J.", "A.", "Garcia"),
family = "Bueno",
role = "aut"),
person(given = c("E.A.", "Morones"),
family = "Ishikawa",
role = "aut"),
person(given = "J.",
family = "Pliego",
role = "aut"),
person(given = c("Emilio", "Akira", "Morones"),
family = "Ishikawa",
role = "cre",
email = "emiliomorones@gmail.com"))
as necessary.
Flavors: r-devel-linux-x86_64-debian-clang, r-devel-linux-x86_64-debian-gcc