Last updated on 2025-04-30 04:50:00 CEST.
Flavor | Version | Tinstall | Tcheck | Ttotal | Status | Flags |
---|---|---|---|---|---|---|
r-devel-linux-x86_64-debian-clang | 2.1.1 | 11.19 | 143.05 | 154.24 | NOTE | |
r-devel-linux-x86_64-debian-gcc | 2.1.1 | 6.91 | 89.02 | 95.93 | NOTE | |
r-devel-linux-x86_64-fedora-clang | 2.1.1 | 226.38 | OK | |||
r-devel-linux-x86_64-fedora-gcc | 2.1.1 | 243.60 | OK | |||
r-devel-windows-x86_64 | 2.1.1 | 12.00 | 151.00 | 163.00 | OK | |
r-patched-linux-x86_64 | 2.1.1 | 9.00 | 131.64 | 140.64 | OK | |
r-release-linux-x86_64 | 2.1.1 | 9.18 | 129.84 | 139.02 | OK | |
r-release-macos-arm64 | 2.1.1 | 66.00 | OK | |||
r-release-macos-x86_64 | 2.1.1 | 119.00 | OK | |||
r-release-windows-x86_64 | 2.1.1 | 14.00 | 147.00 | 161.00 | OK | |
r-oldrel-macos-arm64 | 2.1.1 | 62.00 | OK | |||
r-oldrel-macos-x86_64 | 2.1.1 | 92.00 | OK | |||
r-oldrel-windows-x86_64 | 2.1.1 | 15.00 | 185.00 | 200.00 | OK |
Version: 2.1.1
Check: CRAN incoming feasibility
Result: NOTE
Maintainer: ‘Emilio Akira Morones Ishikawa <emiliomorones@gmail.com>’
No Authors@R field in DESCRIPTION.
Please add one, modifying
Authors@R: c(person(given = c("L.", "E."),
family = "Nieto-Barajas",
role = "aut"),
person(given = c("J.", "A.", "Garcia"),
family = "Bueno",
role = "aut"),
person(given = c("E.A.", "Morones"),
family = "Ishikawa",
role = "aut"),
person(given = "J.",
family = "Pliego",
role = "aut"),
person(given = c("Emilio", "Akira", "Morones"),
family = "Ishikawa",
role = "cre",
email = "emiliomorones@gmail.com"))
as necessary.
Flavors: r-devel-linux-x86_64-debian-clang, r-devel-linux-x86_64-debian-gcc
Version: 2.1.1
Check: examples
Result: NOTE
Examples with CPU (user + system) or elapsed time > 5s
user system elapsed
GaMRes 4.65 0.152 5.766
Flavor: r-devel-linux-x86_64-debian-clang