Last updated on 2025-04-30 04:50:00 CEST.
Flavor | Version | Tinstall | Tcheck | Ttotal | Status | Flags |
---|---|---|---|---|---|---|
r-devel-linux-x86_64-debian-clang | 2.5.8 | 90.85 | 349.86 | 440.71 | NOTE | |
r-devel-linux-x86_64-debian-gcc | 2.5.8 | 63.19 | 222.05 | 285.24 | NOTE | |
r-devel-linux-x86_64-fedora-clang | 2.5.8 | 720.66 | OK | |||
r-devel-linux-x86_64-fedora-gcc | 2.5.8 | 778.31 | OK | |||
r-devel-windows-x86_64 | 2.5.8 | 100.00 | 323.00 | 423.00 | OK | |
r-patched-linux-x86_64 | 2.5.8 | 91.41 | 331.95 | 423.36 | OK | |
r-release-linux-x86_64 | 2.5.8 | 91.00 | 331.27 | 422.27 | OK | |
r-release-macos-arm64 | 2.5.8 | 218.00 | OK | |||
r-release-macos-x86_64 | 2.5.8 | 369.00 | OK | |||
r-release-windows-x86_64 | 2.5.8 | 101.00 | 320.00 | 421.00 | OK | |
r-oldrel-macos-arm64 | 2.5.8 | 102.00 | NOTE | |||
r-oldrel-macos-x86_64 | 2.5.8 | 181.00 | NOTE | |||
r-oldrel-windows-x86_64 | 2.5.8 | 116.00 | 455.00 | 571.00 | NOTE |
Version: 2.5.8
Check: examples
Result: NOTE
Examples with CPU (user + system) or elapsed time > 5s
user system elapsed
bgvar 11.03 0.058 13.522
Flavor: r-devel-linux-x86_64-debian-clang
Version: 2.5.8
Check: examples
Result: NOTE
Examples with CPU (user + system) or elapsed time > 5s
user system elapsed
bgvar 6.061 0.49 8.055
Flavor: r-devel-linux-x86_64-debian-gcc
Version: 2.5.8
Check: installed package size
Result: NOTE
installed size is 10.8Mb
sub-directories of 1Mb or more:
doc 2.9Mb
libs 6.4Mb
Flavors: r-oldrel-macos-arm64, r-oldrel-macos-x86_64, r-oldrel-windows-x86_64
Version: 2.5.8
Check: for GNU extensions in Makefiles
Result: NOTE
GNU make is a SystemRequirements.
Flavors: r-oldrel-macos-arm64, r-oldrel-macos-x86_64, r-oldrel-windows-x86_64