CRAN Package Check Results for Package BHSBVAR

Last updated on 2025-04-30 04:50:00 CEST.

Flavor Version Tinstall Tcheck Ttotal Status Flags
r-devel-linux-x86_64-debian-clang 3.1.2 37.41 53.39 90.80 OK
r-devel-linux-x86_64-debian-gcc 3.1.2 28.36 37.84 66.20 OK
r-devel-linux-x86_64-fedora-clang 3.1.2 156.28 OK
r-devel-linux-x86_64-fedora-gcc 3.1.2 180.54 OK
r-devel-windows-x86_64 3.1.2 42.00 116.00 158.00 OK
r-patched-linux-x86_64 3.1.2 40.93 48.58 89.51 OK
r-release-linux-x86_64 3.1.2 40.88 49.44 90.32 OK
r-release-macos-arm64 3.1.2 67.00 OK
r-release-macos-x86_64 3.1.2 115.00 OK
r-release-windows-x86_64 3.1.2 44.00 119.00 163.00 OK
r-oldrel-macos-arm64 3.1.2 95.00 NOTE
r-oldrel-macos-x86_64 3.1.2 196.00 NOTE
r-oldrel-windows-x86_64 3.1.2 50.00 149.00 199.00 OK

Check Details

Version: 3.1.2
Check: installed package size
Result: NOTE installed size is 5.2Mb sub-directories of 1Mb or more: libs 4.6Mb Flavors: r-oldrel-macos-arm64, r-oldrel-macos-x86_64