Last updated on 2025-04-30 04:50:00 CEST.
Flavor | Version | Tinstall | Tcheck | Ttotal | Status | Flags |
---|---|---|---|---|---|---|
r-devel-linux-x86_64-debian-clang | 3.0.3 | 24.47 | 63.64 | 88.11 | NOTE | |
r-devel-linux-x86_64-debian-gcc | 3.0.3 | 17.84 | 43.26 | 61.10 | NOTE | |
r-devel-linux-x86_64-fedora-clang | 3.0.3 | 143.54 | NOTE | |||
r-devel-linux-x86_64-fedora-gcc | 3.0.3 | 158.91 | NOTE | |||
r-devel-windows-x86_64 | 3.0.3 | 28.00 | 82.00 | 110.00 | OK | |
r-patched-linux-x86_64 | 3.0.3 | 27.57 | 60.06 | 87.63 | OK | |
r-release-linux-x86_64 | 3.0.3 | 25.60 | 59.61 | 85.21 | OK | |
r-release-macos-arm64 | 3.0.3 | 54.00 | OK | |||
r-release-macos-x86_64 | 3.0.3 | 98.00 | OK | |||
r-release-windows-x86_64 | 3.0.3 | 27.00 | 92.00 | 119.00 | OK | |
r-oldrel-macos-arm64 | 3.0.3 | 57.00 | OK | |||
r-oldrel-macos-x86_64 | 3.0.3 | 105.00 | OK | |||
r-oldrel-windows-x86_64 | 3.0.3 | 39.00 | 96.00 | 135.00 | OK |
Version: 3.0.3
Check: CRAN incoming feasibility
Result: NOTE
Maintainer: ‘Steve Mack <Steven.Mack@ucsf.edu>’
No Authors@R field in DESCRIPTION.
Please add one, modifying
Authors@R: c(person(given = "Derek",
family = "Pappas",
role = "aut",
email = "djpappas75@gmail.com"),
person(given = "Steve",
family = "Mack",
role = c("aut", "cre"),
email = "Steven.Mack@ucsf.edu"),
person(given = "Jill",
family = "Hollenbach",
role = "aut",
email = "Jill.Hollenbach@ucsf.edu"))
as necessary.
Flavors: r-devel-linux-x86_64-debian-clang, r-devel-linux-x86_64-debian-gcc
Version: 3.0.3
Check: dependencies in R code
Result: NOTE
Namespace in Imports field not imported from: ‘httr’
All declared Imports should be used.
Flavors: r-devel-linux-x86_64-fedora-clang, r-devel-linux-x86_64-fedora-gcc