Last updated on 2025-04-30 04:50:00 CEST.
Flavor | Version | Tinstall | Tcheck | Ttotal | Status | Flags |
---|---|---|---|---|---|---|
r-devel-linux-x86_64-debian-clang | 0.2.0 | 26.83 | 244.71 | 271.54 | NOTE | |
r-devel-linux-x86_64-debian-gcc | 0.2.0 | 15.51 | 246.36 | 261.87 | NOTE | |
r-devel-linux-x86_64-fedora-clang | 0.2.0 | 357.70 | OK | |||
r-devel-linux-x86_64-fedora-gcc | 0.2.0 | 393.43 | OK | |||
r-devel-windows-x86_64 | 0.2.0 | 28.00 | 157.00 | 185.00 | OK | |
r-patched-linux-x86_64 | 0.2.0 | 28.33 | 222.92 | 251.25 | OK | |
r-release-linux-x86_64 | 0.2.0 | 24.16 | 231.46 | 255.62 | OK | |
r-release-macos-arm64 | 0.2.0 | 99.00 | OK | |||
r-release-macos-x86_64 | 0.2.0 | 113.00 | OK | |||
r-release-windows-x86_64 | 0.2.0 | 28.00 | 152.00 | 180.00 | OK | |
r-oldrel-macos-arm64 | 0.2.0 | 56.00 | OK | |||
r-oldrel-macos-x86_64 | 0.2.0 | 159.00 | OK | |||
r-oldrel-windows-x86_64 | 0.2.0 | 37.00 | 195.00 | 232.00 | OK |
Version: 0.2.0
Check: examples
Result: NOTE
Examples with CPU (user + system) or elapsed time > 5s
user system elapsed
plot_hyperparams_dists 25.228 0.322 23.905
plot_hyperparams_traceplot 24.336 0.144 22.447
BKTRRegressor 23.499 0.806 23.877
plot_beta_dists 14.355 0.387 14.161
plot_temporal_betas 14.498 0.121 13.350
plot_y_estimates 12.683 0.088 11.486
plot_covariates_beta_dists 11.642 0.111 11.153
Flavor: r-devel-linux-x86_64-debian-clang
Version: 0.2.0
Check: examples
Result: NOTE
Examples with CPU (user + system) or elapsed time > 5s
user system elapsed
BKTRRegressor 31.127 0.911 18.063
plot_hyperparams_dists 31.725 0.165 19.018
plot_hyperparams_traceplot 31.680 0.124 19.790
plot_beta_dists 17.128 0.201 9.882
plot_temporal_betas 17.066 0.081 10.068
plot_y_estimates 15.784 0.078 9.000
plot_covariates_beta_dists 15.255 0.205 9.458
Flavor: r-devel-linux-x86_64-debian-gcc