Last updated on 2025-04-30 04:50:00 CEST.
Flavor | Version | Tinstall | Tcheck | Ttotal | Status | Flags |
---|---|---|---|---|---|---|
r-devel-linux-x86_64-debian-clang | 1.0.1 | 7.04 | 241.00 | 248.04 | NOTE | |
r-devel-linux-x86_64-debian-gcc | 1.0.1 | 4.97 | 171.72 | 176.69 | NOTE | |
r-devel-linux-x86_64-fedora-clang | 1.0.1 | 391.77 | OK | |||
r-devel-linux-x86_64-fedora-gcc | 1.0.1 | 412.53 | OK | |||
r-devel-windows-x86_64 | 1.0.1 | 8.00 | 257.00 | 265.00 | OK | |
r-patched-linux-x86_64 | 1.0.1 | 8.09 | 220.03 | 228.12 | OK | |
r-release-linux-x86_64 | 1.0.1 | 7.52 | 220.92 | 228.44 | OK | |
r-release-macos-arm64 | 1.0.1 | 116.00 | OK | |||
r-release-macos-x86_64 | 1.0.1 | 242.00 | OK | |||
r-release-windows-x86_64 | 1.0.1 | 8.00 | 285.00 | 293.00 | OK | |
r-oldrel-macos-arm64 | 1.0.1 | 110.00 | OK | |||
r-oldrel-macos-x86_64 | 1.0.1 | 266.00 | OK | |||
r-oldrel-windows-x86_64 | 1.0.1 | 7.00 | 313.00 | 320.00 | OK |
Version: 1.0.1
Check: examples
Result: NOTE
Examples with CPU (user + system) or elapsed time > 5s
user system elapsed
ble_profile 11.108 0.094 14.151
blqr 10.882 0.003 13.709
expl_boundary 5.269 0.010 6.980
Flavor: r-devel-linux-x86_64-debian-clang
Version: 1.0.1
Check: examples
Result: NOTE
Examples with CPU (user + system) or elapsed time > 5s
user system elapsed
blqr 9.668 0.005 10.805
ble_profile 6.595 0.078 8.496
expl_boundary 3.926 0.008 5.091
Flavor: r-devel-linux-x86_64-debian-gcc