Last updated on 2025-04-30 04:50:00 CEST.
Flavor | Version | Tinstall | Tcheck | Ttotal | Status | Flags |
---|---|---|---|---|---|---|
r-devel-linux-x86_64-debian-clang | 0.3.4 | 30.31 | 77.75 | 108.06 | NOTE | |
r-devel-linux-x86_64-debian-gcc | 0.3.4 | 21.92 | 53.84 | 75.76 | NOTE | |
r-devel-linux-x86_64-fedora-clang | 0.3.4 | 177.12 | OK | |||
r-devel-linux-x86_64-fedora-gcc | 0.3.4 | 269.57 | OK | |||
r-devel-windows-x86_64 | 0.3.4 | 34.00 | 111.00 | 145.00 | OK | |
r-patched-linux-x86_64 | 0.3.4 | 32.50 | 73.31 | 105.81 | OK | |
r-release-linux-x86_64 | 0.3.4 | 30.52 | 72.08 | 102.60 | OK | |
r-release-macos-arm64 | 0.3.4 | 107.00 | OK | |||
r-release-macos-x86_64 | 0.3.4 | 202.00 | OK | |||
r-release-windows-x86_64 | 0.3.4 | 35.00 | 116.00 | 151.00 | OK | |
r-oldrel-macos-arm64 | 0.3.4 | 70.00 | OK | |||
r-oldrel-macos-x86_64 | 0.3.4 | 141.00 | OK | |||
r-oldrel-windows-x86_64 | 0.3.4 | 39.00 | 157.00 | 196.00 | OK |
Version: 0.3.4
Check: CRAN incoming feasibility
Result: NOTE
Maintainer: ‘Daniel Brunner <daniel.brunner@hhu.de>’
No Authors@R field in DESCRIPTION.
Please add one, modifying
Authors@R: c(person(given = "Daniel",
family = "Brunner",
role = c("aut", "cre"),
email = "daniel.brunner@hhu.de",
comment = "aut"),
person(given = "Constantin",
family = "Weiser",
role = "aut",
comment = "ctr"),
person(given = "Andre",
family = "Romahn",
role = "aut",
comment = "ctr"))
as necessary.
Flavors: r-devel-linux-x86_64-debian-clang, r-devel-linux-x86_64-debian-gcc