Last updated on 2025-04-30 04:50:00 CEST.
Flavor | Version | Tinstall | Tcheck | Ttotal | Status | Flags |
---|---|---|---|---|---|---|
r-devel-linux-x86_64-debian-clang | 3.18.20 | 16.47 | 107.08 | 123.55 | NOTE | |
r-devel-linux-x86_64-debian-gcc | 3.18.20 | 10.40 | 74.31 | 84.71 | OK | |
r-devel-linux-x86_64-fedora-clang | 3.18.20 | 195.24 | OK | |||
r-devel-linux-x86_64-fedora-gcc | 3.18.20 | 207.77 | OK | |||
r-devel-windows-x86_64 | 3.18.20 | 20.00 | 113.00 | 133.00 | OK | |
r-patched-linux-x86_64 | 3.18.20 | 17.32 | 102.67 | 119.99 | OK | |
r-release-linux-x86_64 | 3.18.20 | 15.56 | 102.16 | 117.72 | OK | |
r-release-macos-arm64 | 3.18.20 | 53.00 | OK | |||
r-release-macos-x86_64 | 3.18.20 | 120.00 | OK | |||
r-release-windows-x86_64 | 3.18.20 | 20.00 | 112.00 | 132.00 | OK | |
r-oldrel-macos-arm64 | 3.18.20 | 52.00 | OK | |||
r-oldrel-macos-x86_64 | 3.18.20 | 148.00 | OK | |||
r-oldrel-windows-x86_64 | 3.18.20 | 24.00 | 144.00 | 168.00 | OK |
Version: 3.18.20
Check: examples
Result: NOTE
Examples with CPU (user + system) or elapsed time > 5s
user system elapsed
iBMA 4.726 0.161 6.67
Flavor: r-devel-linux-x86_64-debian-clang