Last updated on 2025-04-30 04:50:00 CEST.
Flavor | Version | Tinstall | Tcheck | Ttotal | Status | Flags |
---|---|---|---|---|---|---|
r-devel-linux-x86_64-debian-clang | 2023.3.8 | 10.43 | 152.89 | 163.32 | NOTE | |
r-devel-linux-x86_64-debian-gcc | 2023.3.8 | 7.51 | 101.85 | 109.36 | NOTE | |
r-devel-linux-x86_64-fedora-clang | 2023.3.8 | 252.10 | NOTE | |||
r-devel-linux-x86_64-fedora-gcc | 2023.3.8 | 260.32 | NOTE | |||
r-devel-windows-x86_64 | 2023.3.8 | 14.00 | 226.00 | 240.00 | NOTE | |
r-patched-linux-x86_64 | 2023.3.8 | 13.10 | 138.21 | 151.31 | NOTE | |
r-release-linux-x86_64 | 2023.3.8 | 11.55 | 139.84 | 151.39 | NOTE | |
r-release-macos-arm64 | 2023.3.8 | 72.00 | NOTE | |||
r-release-macos-x86_64 | 2023.3.8 | 162.00 | NOTE | |||
r-release-windows-x86_64 | 2023.3.8 | 15.00 | 215.00 | 230.00 | NOTE | |
r-oldrel-macos-arm64 | 2023.3.8 | 72.00 | NOTE | |||
r-oldrel-macos-x86_64 | 2023.3.8 | 160.00 | NOTE | |||
r-oldrel-windows-x86_64 | 2023.3.8 | 16.00 | 260.00 | 276.00 | NOTE |
Version: 2023.3.8
Check: Rd files
Result: NOTE
checkRd: (-1) MvInv.Rd:23-35: Lost braces
23 | function(eps, u = 0.5, alpha = 1, kappa = 1, gama = 1 / 2, N = 3001) {
| ^
checkRd: (-1) dt_.Rd:19-21: Lost braces
19 | function(x, df, mean, sd) {
| ^
Flavors: r-devel-linux-x86_64-debian-clang, r-devel-linux-x86_64-debian-gcc, r-devel-linux-x86_64-fedora-clang, r-devel-linux-x86_64-fedora-gcc, r-devel-windows-x86_64, r-patched-linux-x86_64, r-release-linux-x86_64, r-release-macos-arm64, r-release-macos-x86_64, r-release-windows-x86_64, r-oldrel-macos-arm64, r-oldrel-macos-x86_64, r-oldrel-windows-x86_64
Version: 2023.3.8
Check: examples
Result: NOTE
Examples with CPU (user + system) or elapsed time > 5s
user system elapsed
GOFplots 5.442 0.102 6.964
plot.NRMI2 4.352 0.052 6.235
GOFplots_censored 3.947 0.131 5.339
GOFplots_noncensored 3.931 0.036 5.717
plot.NRMI1 3.579 0.063 5.324
summary.NRMI2 3.575 0.000 5.228
Flavor: r-devel-linux-x86_64-debian-clang