Last updated on 2025-04-30 04:50:00 CEST.
Flavor | Version | Tinstall | Tcheck | Ttotal | Status | Flags |
---|---|---|---|---|---|---|
r-devel-linux-x86_64-debian-clang | 1.0.2 | 176.36 | 99.50 | 275.86 | NOTE | |
r-devel-linux-x86_64-debian-gcc | 1.0.2 | 111.86 | 71.28 | 183.14 | NOTE | |
r-devel-linux-x86_64-fedora-clang | 1.0.2 | 478.30 | NOTE | |||
r-devel-linux-x86_64-fedora-gcc | 1.0.2 | 552.70 | NOTE | |||
r-devel-windows-x86_64 | 1.0.2 | 191.00 | 158.00 | 349.00 | NOTE | |
r-patched-linux-x86_64 | 1.0.2 | 160.96 | 95.07 | 256.03 | NOTE | |
r-release-linux-x86_64 | 1.0.2 | 168.76 | 94.22 | 262.98 | NOTE | |
r-release-macos-arm64 | 1.0.2 | 116.00 | NOTE | |||
r-release-macos-x86_64 | 1.0.2 | 187.00 | NOTE | |||
r-release-windows-x86_64 | 1.0.2 | 192.00 | 159.00 | 351.00 | NOTE | |
r-oldrel-macos-arm64 | 1.0.2 | 119.00 | NOTE | |||
r-oldrel-macos-x86_64 | 1.0.2 | 152.00 | NOTE | |||
r-oldrel-windows-x86_64 | 1.0.2 | 207.00 | 208.00 | 415.00 | NOTE |
Version: 1.0.2
Check: CRAN incoming feasibility
Result: NOTE
Maintainer: ‘Riccardo Corradin <riccardo.corradin@gmail.com>’
No Authors@R field in DESCRIPTION.
Please add one, modifying
Authors@R: c(person(given = "Riccardo",
family = "Corradin",
role = c("aut", "cre"),
email = "riccardo.corradin@gmail.com"),
person(given = "Antonio",
family = "Canale",
role = "ctb"),
person(given = "Bernardo",
family = "Nipoti",
role = "ctb"))
as necessary.
Flavors: r-devel-linux-x86_64-debian-clang, r-devel-linux-x86_64-debian-gcc
Version: 1.0.2
Check: C++ specification
Result: NOTE
Specified C++11: please drop specification unless essential
Flavors: r-devel-linux-x86_64-debian-clang, r-devel-linux-x86_64-debian-gcc, r-devel-linux-x86_64-fedora-clang, r-devel-linux-x86_64-fedora-gcc, r-devel-windows-x86_64, r-patched-linux-x86_64, r-release-linux-x86_64, r-release-macos-arm64, r-release-macos-x86_64, r-release-windows-x86_64, r-oldrel-macos-arm64, r-oldrel-macos-x86_64, r-oldrel-windows-x86_64
Version: 1.0.2
Check: installed package size
Result: NOTE
installed size is 15.4Mb
sub-directories of 1Mb or more:
libs 14.1Mb
Flavors: r-oldrel-macos-arm64, r-oldrel-macos-x86_64