Last updated on 2025-04-30 04:50:00 CEST.
Flavor | Version | Tinstall | Tcheck | Ttotal | Status | Flags |
---|---|---|---|---|---|---|
r-devel-linux-x86_64-debian-clang | 0.1.4 | 42.32 | 32.36 | 74.68 | NOTE | |
r-devel-linux-x86_64-debian-gcc | 0.1.4 | 31.55 | 24.74 | 56.29 | NOTE | |
r-devel-linux-x86_64-fedora-clang | 0.1.4 | 137.21 | OK | |||
r-devel-linux-x86_64-fedora-gcc | 0.1.4 | 147.65 | OK | |||
r-devel-windows-x86_64 | 0.1.4 | 53.00 | 72.00 | 125.00 | OK | |
r-patched-linux-x86_64 | 0.1.4 | 44.38 | 31.13 | 75.51 | OK | |
r-release-linux-x86_64 | 0.1.4 | 44.94 | 31.09 | 76.03 | OK | |
r-release-macos-arm64 | 0.1.4 | 40.00 | OK | |||
r-release-macos-x86_64 | 0.1.4 | 52.00 | OK | |||
r-release-windows-x86_64 | 0.1.4 | 52.00 | 80.00 | 132.00 | OK | |
r-oldrel-macos-arm64 | 0.1.4 | 40.00 | OK | |||
r-oldrel-macos-x86_64 | 0.1.4 | 46.00 | OK | |||
r-oldrel-windows-x86_64 | 0.1.4 | 56.00 | 82.00 | 138.00 | OK |
Version: 0.1.4
Check: CRAN incoming feasibility
Result: NOTE
Maintainer: ‘Joe Suzuki <j-suzuki@sigmath.es.osaka-u.ac.jp>’
No Authors@R field in DESCRIPTION.
Please add one, modifying
Authors@R: c(person(given = "Joe",
family = "Suzuki",
role = c("aut", "cre"),
email = "j-suzuki@sigmath.es.osaka-u.ac.jp"),
person(given = "Jun",
family = "Kawahara",
role = "aut"))
as necessary.
Flavors: r-devel-linux-x86_64-debian-clang, r-devel-linux-x86_64-debian-gcc