Last updated on 2025-04-30 04:50:01 CEST.
Flavor | Version | Tinstall | Tcheck | Ttotal | Status | Flags |
---|---|---|---|---|---|---|
r-devel-linux-x86_64-debian-clang | 1.0.3 | 3.67 | 55.83 | 59.50 | NOTE | |
r-devel-linux-x86_64-debian-gcc | 1.0.3 | 2.44 | 41.74 | 44.18 | OK | |
r-devel-linux-x86_64-fedora-clang | 1.0.3 | 97.35 | OK | |||
r-devel-linux-x86_64-fedora-gcc | 1.0.3 | 107.45 | OK | |||
r-devel-windows-x86_64 | 1.0.3 | 6.00 | 86.00 | 92.00 | OK | |
r-patched-linux-x86_64 | 1.0.3 | 2.41 | 51.76 | 54.17 | OK | |
r-release-linux-x86_64 | 1.0.3 | 2.79 | 51.89 | 54.68 | OK | |
r-release-macos-arm64 | 1.0.3 | 36.00 | OK | |||
r-release-macos-x86_64 | 1.0.3 | 109.00 | OK | |||
r-release-windows-x86_64 | 1.0.3 | 6.00 | 86.00 | 92.00 | OK | |
r-oldrel-macos-arm64 | 1.0.3 | 44.00 | OK | |||
r-oldrel-macos-x86_64 | 1.0.3 | 106.00 | OK | |||
r-oldrel-windows-x86_64 | 1.0.3 | 6.00 | 96.00 | 102.00 | OK |
Version: 1.0.3
Check: examples
Result: NOTE
Examples with CPU (user + system) or elapsed time > 5s
user system elapsed
plotSLICE 5.038 0.038 5.695
Flavor: r-devel-linux-x86_64-debian-clang