Last updated on 2025-04-30 04:50:01 CEST.
Flavor | Version | Tinstall | Tcheck | Ttotal | Status | Flags |
---|---|---|---|---|---|---|
r-devel-linux-x86_64-debian-clang | 1.0.3 | 2.58 | 82.51 | 85.09 | NOTE | |
r-devel-linux-x86_64-debian-gcc | 1.0.3 | 2.09 | 53.91 | 56.00 | NOTE | |
r-devel-linux-x86_64-fedora-clang | 1.0.3 | 142.03 | OK | |||
r-devel-linux-x86_64-fedora-gcc | 1.0.3 | 159.46 | OK | |||
r-devel-windows-x86_64 | 1.0.3 | 5.00 | 97.00 | 102.00 | OK | |
r-patched-linux-x86_64 | 1.0.3 | 2.80 | 77.08 | 79.88 | OK | |
r-release-linux-x86_64 | 1.0.3 | 2.81 | 75.69 | 78.50 | OK | |
r-release-macos-arm64 | 1.0.3 | 44.00 | OK | |||
r-release-macos-x86_64 | 1.0.3 | 92.00 | OK | |||
r-release-windows-x86_64 | 1.0.3 | 6.00 | 101.00 | 107.00 | OK | |
r-oldrel-macos-arm64 | 1.0.3 | 47.00 | OK | |||
r-oldrel-macos-x86_64 | 1.0.3 | 77.00 | OK | |||
r-oldrel-windows-x86_64 | 1.0.3 | 5.00 | 114.00 | 119.00 | OK |
Version: 1.0.3
Check: CRAN incoming feasibility
Result: NOTE
Maintainer: ‘Andrew McKenzie <amckenz@gmail.com>’
No Authors@R field in DESCRIPTION.
Please add one, modifying
Authors@R: c(person(given = "Andrew",
family = "McKenzie",
role = c("aut", "cre"),
email = "amckenz@gmail.com"),
person(given = "Minghui",
family = "Wang",
role = "aut"),
person(given = "Bin",
family = "Zhang",
role = "aut"))
as necessary.
Flavors: r-devel-linux-x86_64-debian-clang, r-devel-linux-x86_64-debian-gcc