Last updated on 2025-04-30 04:50:01 CEST.
Flavor | Version | Tinstall | Tcheck | Ttotal | Status | Flags |
---|---|---|---|---|---|---|
r-devel-linux-x86_64-debian-clang | 1.0.1 | 8.72 | 252.12 | 260.84 | NOTE | |
r-devel-linux-x86_64-debian-gcc | 1.0.1 | 5.52 | 167.30 | 172.82 | OK | |
r-devel-linux-x86_64-fedora-clang | 1.0.1 | 410.20 | OK | |||
r-devel-linux-x86_64-fedora-gcc | 1.0.1 | 452.85 | OK | |||
r-devel-windows-x86_64 | 1.0.1 | 11.00 | 686.00 | 697.00 | OK | |
r-patched-linux-x86_64 | 1.0.1 | 8.24 | 238.89 | 247.13 | OK | |
r-release-linux-x86_64 | 1.0.1 | 7.89 | 238.54 | 246.43 | OK | |
r-release-macos-arm64 | 1.0.1 | 123.00 | OK | |||
r-release-macos-x86_64 | 1.0.1 | 235.00 | OK | |||
r-release-windows-x86_64 | 1.0.1 | 10.00 | 509.00 | 519.00 | OK | |
r-oldrel-macos-arm64 | 1.0.1 | 123.00 | OK | |||
r-oldrel-macos-x86_64 | 1.0.1 | 210.00 | OK | |||
r-oldrel-windows-x86_64 | 1.0.1 | 12.00 | 528.00 | 540.00 | OK |
Version: 1.0.1
Check: examples
Result: NOTE
Examples with CPU (user + system) or elapsed time > 5s
user system elapsed
lineplot 6.780 0.079 10.633
brcal 6.754 0.069 9.005
plot_params 5.714 0.071 7.159
Flavor: r-devel-linux-x86_64-debian-clang