Last updated on 2025-04-30 04:50:01 CEST.
Flavor | Version | Tinstall | Tcheck | Ttotal | Status | Flags |
---|---|---|---|---|---|---|
r-devel-linux-x86_64-debian-clang | 3.2.5 | 35.92 | 112.93 | 148.85 | NOTE | |
r-devel-linux-x86_64-debian-gcc | 3.2.5 | 26.47 | 79.65 | 106.12 | NOTE | |
r-devel-linux-x86_64-fedora-clang | 3.2.5 | 240.75 | OK | |||
r-devel-linux-x86_64-fedora-gcc | 3.2.5 | 242.13 | OK | |||
r-devel-windows-x86_64 | 3.2.5 | 44.00 | 143.00 | 187.00 | NOTE | |
r-patched-linux-x86_64 | 3.2.5 | 38.99 | 105.44 | 144.43 | OK | |
r-release-linux-x86_64 | 3.2.5 | 35.37 | 105.66 | 141.03 | OK | |
r-release-macos-arm64 | 3.2.5 | 70.00 | OK | |||
r-release-macos-x86_64 | 3.2.5 | 120.00 | OK | |||
r-release-windows-x86_64 | 3.2.5 | 47.00 | 141.00 | 188.00 | NOTE | |
r-oldrel-macos-arm64 | 3.2.5 | 68.00 | OK | |||
r-oldrel-macos-x86_64 | 3.2.5 | 102.00 | OK | |||
r-oldrel-windows-x86_64 | 3.2.5 | 53.00 | 182.00 | 235.00 | NOTE |
Version: 3.2.5
Check: CRAN incoming feasibility
Result: NOTE
Maintainer: ‘Leah F. South <l1.south@qut.edu.au>’
The Description field contains
(2018) <arXiv:1809.05800>) is more robust to non-normal summary
statistics. BSLmisspec (Frazier et al. 2019 <arXiv:1904.04551>)
Please refer to arXiv e-prints via their arXiv DOI <doi:10.48550/arXiv.YYMM.NNNNN>.
Flavors: r-devel-linux-x86_64-debian-clang, r-devel-linux-x86_64-debian-gcc
Version: 3.2.5
Check: C++ specification
Result: NOTE
Specified C++11: please drop specification unless essential
Flavors: r-devel-windows-x86_64, r-release-windows-x86_64, r-oldrel-windows-x86_64