CRAN Package Check Results for Package BSPADATA

Last updated on 2025-04-30 04:50:01 CEST.

Flavor Version Tinstall Tcheck Ttotal Status Flags
r-devel-linux-x86_64-debian-clang 1.1.0 8.55 81.50 90.05 NOTE
r-devel-linux-x86_64-debian-gcc 1.1.0 6.77 57.93 64.70 NOTE
r-devel-linux-x86_64-fedora-clang 1.1.0 151.14 OK
r-devel-linux-x86_64-fedora-gcc 1.1.0 149.96 OK
r-devel-windows-x86_64 1.1.0 10.00 89.00 99.00 OK
r-patched-linux-x86_64 1.1.0 8.77 78.19 86.96 OK
r-release-linux-x86_64 1.1.0 8.64 78.80 87.44 OK
r-release-macos-arm64 1.1.0 49.00 OK
r-release-macos-x86_64 1.1.0 86.00 OK
r-release-windows-x86_64 1.1.0 10.00 89.00 99.00 OK
r-oldrel-macos-arm64 1.1.0 37.00 OK
r-oldrel-macos-x86_64 1.1.0 62.00 OK
r-oldrel-windows-x86_64 1.1.0 12.00 112.00 124.00 OK

Check Details

Version: 1.1.0
Check: CRAN incoming feasibility
Result: NOTE Maintainer: ‘Jorge Sicacha-Parada <jasicachap@unal.edu.co>’ No Authors@R field in DESCRIPTION. Please add one, modifying Authors@R: c(person(given = "Jorge", family = "Sicacha-Parada", role = c("aut", "cre"), email = "jasicachap@unal.edu.co"), person(given = "Edilberto", family = "Cepeda-Cuervo", role = "aut")) as necessary. Flavors: r-devel-linux-x86_64-debian-clang, r-devel-linux-x86_64-debian-gcc

Version: 1.1.0
Check: examples
Result: NOTE Examples with CPU (user + system) or elapsed time > 5s user system elapsed hetero_general 7.101 0.291 9.090 hetero_sem 4.228 0.031 5.165 Flavor: r-devel-linux-x86_64-debian-clang

Version: 1.1.0
Check: examples
Result: NOTE Examples with CPU (user + system) or elapsed time > 5s user system elapsed hetero_general 4.369 0.373 5.712 Flavor: r-devel-linux-x86_64-debian-gcc