CRAN Package Check Results for Package BSPBSS

Last updated on 2025-04-30 04:50:01 CEST.

Flavor Version Tinstall Tcheck Ttotal Status Flags
r-devel-linux-x86_64-debian-clang 1.0.5 35.65 139.69 175.34 NOTE
r-devel-linux-x86_64-debian-gcc 1.0.5 24.95 98.18 123.13 NOTE
r-devel-linux-x86_64-fedora-clang 1.0.5 274.49 NOTE
r-devel-linux-x86_64-fedora-gcc 1.0.5 298.58 NOTE
r-devel-windows-x86_64 1.0.5 41.00 149.00 190.00 NOTE
r-patched-linux-x86_64 1.0.5 35.67 130.98 166.65 NOTE
r-release-linux-x86_64 1.0.5 34.46 130.23 164.69 NOTE
r-release-macos-arm64 1.0.5 101.00 NOTE
r-release-macos-x86_64 1.0.5 162.00 NOTE
r-release-windows-x86_64 1.0.5 41.00 149.00 190.00 NOTE
r-oldrel-macos-arm64 1.0.5 87.00 NOTE
r-oldrel-macos-x86_64 1.0.5 137.00 NOTE
r-oldrel-windows-x86_64 1.0.5 48.00 197.00 245.00 NOTE

Check Details

Version: 1.0.5
Check: C++ specification
Result: NOTE Specified C++11: please drop specification unless essential Flavors: r-devel-linux-x86_64-debian-clang, r-devel-linux-x86_64-debian-gcc, r-devel-linux-x86_64-fedora-clang, r-devel-linux-x86_64-fedora-gcc, r-devel-windows-x86_64, r-patched-linux-x86_64, r-release-linux-x86_64, r-release-macos-arm64, r-release-macos-x86_64, r-release-windows-x86_64, r-oldrel-macos-arm64, r-oldrel-macos-x86_64, r-oldrel-windows-x86_64

Version: 1.0.5
Check: for GNU extensions in Makefiles
Result: NOTE GNU make is a SystemRequirements. Flavors: r-oldrel-macos-arm64, r-oldrel-macos-x86_64, r-oldrel-windows-x86_64