Last updated on 2025-04-30 04:50:01 CEST.
Flavor | Version | Tinstall | Tcheck | Ttotal | Status | Flags |
---|---|---|---|---|---|---|
r-devel-linux-x86_64-debian-clang | 0.1-10 | 9.95 | 84.99 | 94.94 | NOTE | |
r-devel-linux-x86_64-debian-gcc | 0.1-10 | 7.01 | 61.78 | 68.79 | NOTE | |
r-devel-linux-x86_64-fedora-clang | 0.1-10 | 144.62 | OK | |||
r-devel-linux-x86_64-fedora-gcc | 0.1-10 | 148.71 | OK | |||
r-devel-windows-x86_64 | 0.1-10 | 11.00 | 103.00 | 114.00 | OK | |
r-patched-linux-x86_64 | 0.1-10 | 9.67 | 80.95 | 90.62 | OK | |
r-release-linux-x86_64 | 0.1-10 | 9.85 | 80.54 | 90.39 | OK | |
r-release-macos-arm64 | 0.1-10 | 52.00 | OK | |||
r-release-macos-x86_64 | 0.1-10 | 87.00 | OK | |||
r-release-windows-x86_64 | 0.1-10 | 11.00 | 102.00 | 113.00 | OK | |
r-oldrel-macos-arm64 | 0.1-10 | 41.00 | OK | |||
r-oldrel-macos-x86_64 | 0.1-10 | 67.00 | OK | |||
r-oldrel-windows-x86_64 | 0.1-10 | 14.00 | 130.00 | 144.00 | OK |
Version: 0.1-10
Check: CRAN incoming feasibility
Result: NOTE
Maintainer: ‘Frank Schaarschmidt <schaarschmidt@biostat.uni-hannover.de>’
No Authors@R field in DESCRIPTION.
Please add one, modifying
Authors@R: person(given = "Frank",
family = "Schaarschmidt",
role = c("aut", "cre"),
email = "schaarschmidt@biostat.uni-hannover.de")
as necessary.
Flavors: r-devel-linux-x86_64-debian-clang, r-devel-linux-x86_64-debian-gcc