Last updated on 2025-02-21 03:52:08 CET.
Flavor | Version | Tinstall | Tcheck | Ttotal | Status | Flags |
---|---|---|---|---|---|---|
r-devel-linux-x86_64-debian-clang | 0.4 | 2.94 | 375.66 | 378.60 | NOTE | |
r-devel-linux-x86_64-debian-gcc | 0.4 | 2.23 | 268.31 | 270.54 | NOTE | |
r-devel-linux-x86_64-fedora-clang | 0.4 | 575.08 | OK | |||
r-devel-linux-x86_64-fedora-gcc | 0.4 | 716.29 | OK | |||
r-devel-macos-arm64 | 0.4 | 211.00 | OK | |||
r-devel-macos-x86_64 | 0.4 | 547.00 | OK | |||
r-devel-windows-x86_64 | 0.4 | 4.00 | 484.00 | 488.00 | NOTE | |
r-patched-linux-x86_64 | 0.4 | 3.60 | 359.23 | 362.83 | OK | |
r-release-linux-x86_64 | 0.4 | 3.02 | 357.03 | 360.05 | OK | |
r-release-macos-arm64 | 0.4 | 193.00 | OK | |||
r-release-macos-x86_64 | 0.4 | 387.00 | OK | |||
r-release-windows-x86_64 | 0.4 | 5.00 | 484.00 | 489.00 | OK | |
r-oldrel-macos-arm64 | 0.4 | 211.00 | OK | |||
r-oldrel-macos-x86_64 | 0.4 | 751.00 | OK | |||
r-oldrel-windows-x86_64 | 0.4 | 5.00 | 518.00 | 523.00 | OK |
Version: 0.4
Check: Rd cross-references
Result: NOTE
Found the following Rd file(s) with Rd \link{} targets missing package
anchors:
BT.Rd: rpart, rpart.control
BT_Call.Rd: rpart.control
Please provide package anchors for all Rd \link{} targets not in the
package itself and the base packages.
Flavors: r-devel-linux-x86_64-debian-clang, r-devel-linux-x86_64-debian-gcc, r-devel-windows-x86_64