Last updated on 2025-04-30 04:50:01 CEST.
Flavor | Version | Tinstall | Tcheck | Ttotal | Status | Flags |
---|---|---|---|---|---|---|
r-devel-linux-x86_64-debian-clang | 0.3.7 | 20.24 | 36.35 | 56.59 | NOTE | |
r-devel-linux-x86_64-debian-gcc | 0.3.7 | 16.59 | 31.32 | 47.91 | NOTE | |
r-devel-linux-x86_64-fedora-clang | 0.3.7 | 98.01 | NOTE | |||
r-devel-linux-x86_64-fedora-gcc | 0.3.7 | 108.17 | NOTE | |||
r-devel-windows-x86_64 | 0.3.7 | 26.00 | 74.00 | 100.00 | NOTE | |
r-patched-linux-x86_64 | 0.3.7 | 23.96 | 35.38 | 59.34 | NOTE | |
r-release-linux-x86_64 | 0.3.7 | 22.83 | 34.07 | 56.90 | NOTE | |
r-release-macos-arm64 | 0.3.7 | 33.00 | NOTE | |||
r-release-macos-x86_64 | 0.3.7 | 52.00 | NOTE | |||
r-release-windows-x86_64 | 0.3.7 | 26.00 | 75.00 | 101.00 | NOTE | |
r-oldrel-macos-arm64 | 0.3.7 | 35.00 | NOTE | |||
r-oldrel-macos-x86_64 | 0.3.7 | 47.00 | NOTE | |||
r-oldrel-windows-x86_64 | 0.3.7 | 24.00 | 83.00 | 107.00 | NOTE |
Version: 0.3.7
Check: Rd files
Result: NOTE
checkRd: (-1) terms.BTM.Rd:23-25: Lost braces in \itemize; \value handles \item{}{} directly
checkRd: (-1) terms.BTM.Rd:26-32: Lost braces in \itemize; \value handles \item{}{} directly
checkRd: (-1) terms.data.frame.Rd:25-31: Lost braces in \itemize; \value handles \item{}{} directly
checkRd: (-1) terms.data.frame.Rd:32-38: Lost braces in \itemize; \value handles \item{}{} directly
Flavors: r-devel-linux-x86_64-debian-clang, r-devel-linux-x86_64-debian-gcc, r-devel-linux-x86_64-fedora-clang, r-devel-linux-x86_64-fedora-gcc, r-devel-windows-x86_64, r-patched-linux-x86_64, r-release-linux-x86_64, r-release-macos-arm64, r-release-macos-x86_64, r-release-windows-x86_64, r-oldrel-macos-arm64, r-oldrel-macos-x86_64, r-oldrel-windows-x86_64
Version: 0.3.7
Check: examples
Result: NOTE
Examples with CPU (user + system) or elapsed time > 5s
user system elapsed
BTM 7.204 0.453 6.162
Flavor: r-devel-linux-x86_64-debian-clang
Version: 0.3.7
Check: examples
Result: NOTE
Examples with CPU (user + system) or elapsed time > 5s
user system elapsed
BTM 9.466 0.22 8.231
Flavor: r-devel-linux-x86_64-debian-gcc