Last updated on 2025-04-30 04:50:01 CEST.
Flavor | Version | Tinstall | Tcheck | Ttotal | Status | Flags |
---|---|---|---|---|---|---|
r-devel-linux-x86_64-debian-clang | 2.4.3 | 13.71 | 172.77 | 186.48 | NOTE | |
r-devel-linux-x86_64-debian-gcc | 2.4.3 | 8.89 | 121.54 | 130.43 | NOTE | |
r-devel-linux-x86_64-fedora-clang | 2.4.3 | 304.88 | OK | |||
r-devel-linux-x86_64-fedora-gcc | 2.4.3 | 333.60 | OK | |||
r-devel-windows-x86_64 | 2.4.3 | 16.00 | 229.00 | 245.00 | OK | |
r-patched-linux-x86_64 | 2.4.3 | 14.61 | 164.99 | 179.60 | OK | |
r-release-linux-x86_64 | 2.4.3 | 11.85 | 162.36 | 174.21 | OK | |
r-release-macos-arm64 | 2.4.3 | 129.00 | OK | |||
r-release-macos-x86_64 | 2.4.3 | 184.00 | OK | |||
r-release-windows-x86_64 | 2.4.3 | 15.00 | 224.00 | 239.00 | OK | |
r-oldrel-macos-arm64 | 2.4.3 | 85.00 | OK | |||
r-oldrel-macos-x86_64 | 2.4.3 | 213.00 | OK | |||
r-oldrel-windows-x86_64 | 2.4.3 | 18.00 | 283.00 | 301.00 | OK |
Version: 2.4.3
Check: examples
Result: NOTE
Examples with CPU (user + system) or elapsed time > 5s
user system elapsed
dc.PlotLogLikelihoodContour 5.301 0.004 7
Flavor: r-devel-linux-x86_64-debian-clang
Version: 2.4.3
Check: examples
Result: NOTE
Examples with CPU (user + system) or elapsed time > 5s
user system elapsed
dc.PlotLogLikelihoodContour 3.394 0.11 5.176
Flavor: r-devel-linux-x86_64-debian-gcc