CRAN Package Check Results for Package BTYDplus

Last updated on 2025-04-30 04:50:01 CEST.

Flavor Version Tinstall Tcheck Ttotal Status Flags
r-devel-linux-x86_64-debian-clang 1.2.0 21.29 356.22 377.51 NOTE
r-devel-linux-x86_64-debian-gcc 1.2.0 16.15 228.35 244.50 NOTE
r-devel-linux-x86_64-fedora-clang 1.2.0 556.88 NOTE
r-devel-linux-x86_64-fedora-gcc 1.2.0 543.35 NOTE
r-devel-windows-x86_64 1.2.0 28.00 238.00 266.00 NOTE --no-vignettes
r-patched-linux-x86_64 1.2.0 22.16 278.53 300.69 NOTE
r-release-linux-x86_64 1.2.0 23.57 278.10 301.67 NOTE
r-release-macos-arm64 1.2.0 149.00 NOTE
r-release-macos-x86_64 1.2.0 415.00 NOTE
r-release-windows-x86_64 1.2.0 29.00 213.00 242.00 NOTE --no-vignettes
r-oldrel-macos-arm64 1.2.0 148.00 NOTE
r-oldrel-macos-x86_64 1.2.0 336.00 NOTE
r-oldrel-windows-x86_64 1.2.0 31.00 272.00 303.00 NOTE --no-vignettes

Check Details

Version: 1.2.0
Check: Rd files
Result: NOTE checkRd: (-1) pnbd.mcmc.DrawParameters.Rd:45: Lost braces in \itemize; \value handles \item{}{} directly checkRd: (-1) pnbd.mcmc.DrawParameters.Rd:46: Lost braces in \itemize; \value handles \item{}{} directly Flavors: r-devel-linux-x86_64-debian-clang, r-devel-linux-x86_64-debian-gcc, r-devel-linux-x86_64-fedora-clang, r-devel-linux-x86_64-fedora-gcc, r-patched-linux-x86_64, r-release-linux-x86_64, r-release-macos-arm64, r-release-macos-x86_64, r-oldrel-macos-arm64, r-oldrel-macos-x86_64

Version: 1.2.0
Check: Rd cross-references
Result: NOTE Found the following Rd file(s) with Rd \link{} targets missing package anchors: abe.mcmc.DrawParameters.Rd: mcmc.list pggg.mcmc.DrawParameters.Rd: mcmc.list pnbd.mcmc.DrawParameters.Rd: mcmc.list Please provide package anchors for all Rd \link{} targets not in the package itself and the base packages. Flavors: r-devel-linux-x86_64-debian-clang, r-devel-linux-x86_64-debian-gcc, r-patched-linux-x86_64, r-release-linux-x86_64

Version: 1.2.0
Check: examples
Result: NOTE Examples with CPU (user + system) or elapsed time > 5s user system elapsed pggg.mcmc.DrawParameters 5.929 0.160 6.902 mcmc.Expectation 5.174 0.251 2.836 mcmc.pmf 4.935 0.300 2.813 pggg.plotRegularityRateHeterogeneity 4.406 0.041 5.145 Flavor: r-devel-linux-x86_64-debian-clang

Version: 1.2.0
Flags: --no-vignettes
Check: Rd files
Result: NOTE checkRd: (-1) pnbd.mcmc.DrawParameters.Rd:45: Lost braces in \itemize; \value handles \item{}{} directly checkRd: (-1) pnbd.mcmc.DrawParameters.Rd:46: Lost braces in \itemize; \value handles \item{}{} directly Flavors: r-devel-windows-x86_64, r-release-windows-x86_64, r-oldrel-windows-x86_64

Version: 1.2.0
Flags: --no-vignettes
Check: Rd cross-references
Result: NOTE Found the following Rd file(s) with Rd \link{} targets missing package anchors: abe.mcmc.DrawParameters.Rd: mcmc.list pggg.mcmc.DrawParameters.Rd: mcmc.list pnbd.mcmc.DrawParameters.Rd: mcmc.list Please provide package anchors for all Rd \link{} targets not in the package itself and the base packages. Flavors: r-devel-windows-x86_64, r-release-windows-x86_64