Last updated on 2025-04-30 04:50:01 CEST.
Flavor | Version | Tinstall | Tcheck | Ttotal | Status | Flags |
---|---|---|---|---|---|---|
r-devel-linux-x86_64-debian-clang | 0.0.1 | 6.21 | 47.98 | 54.19 | NOTE | |
r-devel-linux-x86_64-debian-gcc | 0.0.1 | 3.60 | 33.81 | 37.41 | OK | |
r-devel-linux-x86_64-fedora-clang | 0.0.1 | 77.99 | OK | |||
r-devel-linux-x86_64-fedora-gcc | 0.0.1 | 78.61 | OK | |||
r-devel-windows-x86_64 | 0.0.1 | 7.00 | 62.00 | 69.00 | OK | |
r-patched-linux-x86_64 | 0.0.1 | 6.41 | 45.20 | 51.61 | OK | |
r-release-linux-x86_64 | 0.0.1 | 6.21 | 45.21 | 51.42 | OK | |
r-release-macos-arm64 | 0.0.1 | 26.00 | OK | |||
r-release-macos-x86_64 | 0.0.1 | 58.00 | OK | |||
r-release-windows-x86_64 | 0.0.1 | 9.00 | 61.00 | 70.00 | OK | |
r-oldrel-macos-arm64 | 0.0.1 | 25.00 | NOTE | |||
r-oldrel-macos-x86_64 | 0.0.1 | 44.00 | NOTE | |||
r-oldrel-windows-x86_64 | 0.0.1 | 10.00 | 72.00 | 82.00 | NOTE |
Version: 0.0.1
Check: examples
Result: NOTE
Examples with CPU (user + system) or elapsed time > 5s
user system elapsed
bv_ggplot 4.105 0.024 5.2
Flavor: r-devel-linux-x86_64-debian-clang
Version: 0.0.1
Check: LazyData
Result: NOTE
'LazyData' is specified without a 'data' directory
Flavors: r-oldrel-macos-arm64, r-oldrel-macos-x86_64, r-oldrel-windows-x86_64