CRAN Package Check Results for Package BVSNLP

Last updated on 2025-04-30 04:50:01 CEST.

Flavor Version Tinstall Tcheck Ttotal Status Flags
r-devel-linux-x86_64-debian-clang 1.1.9 61.14 34.40 95.54 NOTE
r-devel-linux-x86_64-debian-gcc 1.1.9 50.64 28.97 79.61 NOTE
r-devel-linux-x86_64-fedora-clang 1.1.9 154.53 NOTE
r-devel-linux-x86_64-fedora-gcc 1.1.9 197.53 NOTE
r-devel-windows-x86_64 1.1.9 64.00 85.00 149.00 NOTE
r-patched-linux-x86_64 1.1.9 68.46 37.19 105.65 NOTE
r-release-linux-x86_64 1.1.9 68.37 37.57 105.94 NOTE
r-release-macos-arm64 1.1.9 51.00 NOTE
r-release-macos-x86_64 1.1.9 97.00 NOTE
r-release-windows-x86_64 1.1.9 64.00 84.00 148.00 NOTE
r-oldrel-macos-arm64 1.1.9 47.00 NOTE
r-oldrel-macos-x86_64 1.1.9 64.00 NOTE
r-oldrel-windows-x86_64 1.1.9 73.00 113.00 186.00 NOTE

Check Details

Version: 1.1.9
Check: CRAN incoming feasibility
Result: NOTE Maintainer: ‘Amir Nikooienejad <amir.nikooienejad@gmail.com>’ No Authors@R field in DESCRIPTION. Please add one, modifying Authors@R: c(person(given = "Amir", family = "Nikooienejad", role = c("aut", "cre"), email = "amir.nikooienejad@gmail.com"), person(given = c("Valen", "E."), family = "Johnson", role = "ths")) as necessary. Flavors: r-devel-linux-x86_64-debian-clang, r-devel-linux-x86_64-debian-gcc

Version: 1.1.9
Check: C++ specification
Result: NOTE Specified C++11: please drop specification unless essential Flavors: r-devel-linux-x86_64-debian-clang, r-devel-linux-x86_64-debian-gcc, r-devel-linux-x86_64-fedora-clang, r-devel-linux-x86_64-fedora-gcc, r-devel-windows-x86_64, r-patched-linux-x86_64, r-release-linux-x86_64, r-release-macos-arm64, r-release-macos-x86_64, r-release-windows-x86_64, r-oldrel-macos-arm64, r-oldrel-macos-x86_64, r-oldrel-windows-x86_64

Version: 1.1.9
Check: package dependencies
Result: NOTE Package suggested but not available for checking: ‘doMPI’ Flavors: r-oldrel-macos-arm64, r-oldrel-macos-x86_64

Version: 1.1.9
Check: installed package size
Result: NOTE installed size is 20.2Mb sub-directories of 1Mb or more: libs 20.0Mb Flavors: r-oldrel-macos-arm64, r-oldrel-macos-x86_64

Version: 1.1.9
Check: LazyData
Result: NOTE 'LazyData' is specified without a 'data' directory Flavors: r-oldrel-macos-arm64, r-oldrel-macos-x86_64, r-oldrel-windows-x86_64