Last updated on 2025-04-30 04:50:00 CEST.
Flavor | Version | Tinstall | Tcheck | Ttotal | Status | Flags |
---|---|---|---|---|---|---|
r-devel-linux-x86_64-debian-clang | 0.8.0 | 15.73 | 156.46 | 172.19 | NOTE | |
r-devel-linux-x86_64-debian-gcc | 0.8.0 | 11.52 | 106.14 | 117.66 | NOTE | |
r-devel-linux-x86_64-fedora-clang | 0.8.0 | 269.06 | OK | |||
r-devel-linux-x86_64-fedora-gcc | 0.8.0 | 271.33 | OK | |||
r-devel-windows-x86_64 | 0.8.0 | 16.00 | 157.00 | 173.00 | OK | |
r-patched-linux-x86_64 | 0.8.0 | 18.28 | 150.30 | 168.58 | OK | |
r-release-linux-x86_64 | 0.8.0 | 15.34 | 147.70 | 163.04 | OK | |
r-release-macos-arm64 | 0.8.0 | 63.00 | OK | |||
r-release-macos-x86_64 | 0.8.0 | 121.00 | OK | |||
r-release-windows-x86_64 | 0.8.0 | 16.00 | 159.00 | 175.00 | OK | |
r-oldrel-macos-arm64 | 0.8.0 | 71.00 | OK | |||
r-oldrel-macos-x86_64 | 0.8.0 | 142.00 | OK | |||
r-oldrel-windows-x86_64 | 0.8.0 | 22.00 | 218.00 | 240.00 | OK |
Version: 0.8.0
Check: examples
Result: NOTE
Examples with CPU (user + system) or elapsed time > 5s
user system elapsed
scatterplot 8.191 0.048 11.015
plot.kclustering 7.314 0.044 8.933
kclustering 7.088 0.049 8.549
plot.hclustering 6.914 0.019 8.413
hclustering 6.862 0.040 9.957
shotchart 6.512 0.036 9.021
Flavor: r-devel-linux-x86_64-debian-clang
Version: 0.8.0
Check: examples
Result: NOTE
Examples with CPU (user + system) or elapsed time > 5s
user system elapsed
scatterplot 5.107 0.023 6.724
plot.kclustering 4.977 0.095 5.785
plot.hclustering 4.441 0.013 5.264
shotchart 4.313 0.020 5.458
kclustering 4.288 0.004 5.347
hclustering 4.005 0.102 5.101
Flavor: r-devel-linux-x86_64-debian-gcc