Last updated on 2025-04-30 04:50:00 CEST.
Flavor | Version | Tinstall | Tcheck | Ttotal | Status | Flags |
---|---|---|---|---|---|---|
r-devel-linux-x86_64-debian-clang | 1.9 | 10.72 | 200.25 | 210.97 | NOTE | |
r-devel-linux-x86_64-debian-gcc | 1.9 | 6.03 | 187.24 | 193.27 | NOTE | |
r-devel-linux-x86_64-fedora-clang | 1.9 | 294.77 | OK | |||
r-devel-linux-x86_64-fedora-gcc | 1.9 | 304.72 | OK | |||
r-devel-windows-x86_64 | 1.9 | 11.00 | 218.00 | 229.00 | OK | |
r-patched-linux-x86_64 | 1.9 | 11.46 | 196.28 | 207.74 | OK | |
r-release-linux-x86_64 | 1.9 | 7.64 | 197.20 | 204.84 | OK | |
r-release-macos-arm64 | 1.9 | 141.00 | OK | |||
r-release-macos-x86_64 | 1.9 | 233.00 | OK | |||
r-release-windows-x86_64 | 1.9 | 10.00 | 231.00 | 241.00 | OK | |
r-oldrel-macos-arm64 | 1.9 | 120.00 | OK | |||
r-oldrel-macos-x86_64 | 1.9 | 196.00 | OK | |||
r-oldrel-windows-x86_64 | 1.9 | 13.00 | 288.00 | 301.00 | OK |
Version: 1.9
Check: CRAN incoming feasibility
Result: NOTE
Maintainer: ‘Bernd Bischl <bernd_bischl@gmx.net>’
No Authors@R field in DESCRIPTION.
Please add one, modifying
Authors@R: c(person(given = "Bernd",
family = "Bischl",
role = c("aut", "cre"),
email = "bernd_bischl@gmx.net"),
person(given = "Michel",
family = "Lang",
role = "aut",
email = "michellang@gmail.com"),
person(given = "Henrik",
family = "Bengtsson",
role = "aut",
email = "henrikb@braju.com"))
as necessary.
Package CITATION file contains call(s) to old-style personList() or
as.personList(). Please use c() on person objects instead.
Package CITATION file contains call(s) to old-style citEntry(). Please
use bibentry() instead.
Flavors: r-devel-linux-x86_64-debian-clang, r-devel-linux-x86_64-debian-gcc
Version: 1.9
Check: examples
Result: NOTE
Examples with CPU (user + system) or elapsed time > 5s
user system elapsed
batchReduceResults 6.809 0.044 9.544
batchReduce 5.801 0.042 8.715
batchMapResults 5.672 0.075 7.433
submitJobs 4.903 0.023 6.792
reduceResults 3.052 0.020 5.217
Flavor: r-devel-linux-x86_64-debian-clang
Version: 1.9
Check: examples
Result: NOTE
Examples with CPU (user + system) or elapsed time > 5s
user system elapsed
batchReduceResults 7.495 0.028 8.355
batchMapResults 6.284 0.076 8.147
batchReduce 6.248 0.040 7.262
submitJobs 5.244 0.015 6.254
Flavor: r-devel-linux-x86_64-debian-gcc