CRAN Package Check Results for Package BayesBEKK

Last updated on 2025-04-30 04:50:00 CEST.

Flavor Version Tinstall Tcheck Ttotal Status Flags
r-devel-linux-x86_64-debian-clang 0.1.1 8.36 78.35 86.71 NOTE
r-devel-linux-x86_64-debian-gcc 0.1.1 6.30 54.58 60.88 NOTE
r-devel-linux-x86_64-fedora-clang 0.1.1 145.32 OK
r-devel-linux-x86_64-fedora-gcc 0.1.1 138.80 OK
r-devel-windows-x86_64 0.1.1 9.00 84.00 93.00 OK
r-patched-linux-x86_64 0.1.1 8.94 75.24 84.18 OK
r-release-linux-x86_64 0.1.1 7.54 74.43 81.97 OK
r-release-macos-arm64 0.1.1 55.00 OK
r-release-macos-x86_64 0.1.1 91.00 OK
r-release-windows-x86_64 0.1.1 9.00 82.00 91.00 OK
r-oldrel-macos-arm64 0.1.1 38.00 OK
r-oldrel-macos-x86_64 0.1.1 57.00 OK
r-oldrel-windows-x86_64 0.1.1 11.00 104.00 115.00 OK

Check Details

Version: 0.1.1
Check: CRAN incoming feasibility
Result: NOTE Maintainer: ‘Achal Lama <achal.lama@icar.gov.in>’ No Authors@R field in DESCRIPTION. Please add one, modifying Authors@R: c(person(given = "Achal", family = "Lama", role = c("aut", "cre"), email = "achal.lama@icar.gov.in"), person(given = c("Girish", "K"), family = "Jha", role = "aut"), person(given = c("K", "N"), family = "Singh", role = "aut"), person(given = "Bishal", family = "Gurung", role = "aut")) as necessary. Flavors: r-devel-linux-x86_64-debian-clang, r-devel-linux-x86_64-debian-gcc

Version: 0.1.1
Check: examples
Result: NOTE Examples with CPU (user + system) or elapsed time > 5s user system elapsed BayesianBEKK 6.194 0.05 8.822 Flavor: r-devel-linux-x86_64-debian-clang