CRAN Package Check Results for Package BayesBP

Last updated on 2025-04-30 04:50:00 CEST.

Flavor Version Tinstall Tcheck Ttotal Status Flags
r-devel-linux-x86_64-debian-clang 1.1 2.64 38.98 41.62 NOTE
r-devel-linux-x86_64-debian-gcc 1.1 2.62 29.68 32.30 NOTE
r-devel-linux-x86_64-fedora-clang 1.1 68.08 OK
r-devel-linux-x86_64-fedora-gcc 1.1 69.08 OK
r-devel-windows-x86_64 1.1 4.00 70.00 74.00 OK
r-patched-linux-x86_64 1.1 3.75 36.87 40.62 OK
r-release-linux-x86_64 1.1 3.55 37.28 40.83 OK
r-release-macos-arm64 1.1 26.00 OK
r-release-macos-x86_64 1.1 62.00 OK
r-release-windows-x86_64 1.1 5.00 72.00 77.00 OK
r-oldrel-macos-arm64 1.1 30.00 OK
r-oldrel-macos-x86_64 1.1 41.00 OK
r-oldrel-windows-x86_64 1.1 4.00 76.00 80.00 OK

Check Details

Version: 1.1
Check: CRAN incoming feasibility
Result: NOTE Maintainer: ‘Li-Syuan Hong <lisyuan@nhri.org.tw>’ No Authors@R field in DESCRIPTION. Please add one, modifying Authors@R: person(given = "Li-Syuan", family = "Hong", role = c("aut", "cre"), email = "lisyuan@nhri.org.tw") as necessary. Flavors: r-devel-linux-x86_64-debian-clang, r-devel-linux-x86_64-debian-gcc