Last updated on 2025-04-30 04:50:00 CEST.
Flavor | Version | Tinstall | Tcheck | Ttotal | Status | Flags |
---|---|---|---|---|---|---|
r-devel-linux-x86_64-debian-clang | 2.0.2 | 11.05 | 537.18 | 548.23 | NOTE | |
r-devel-linux-x86_64-debian-gcc | 2.0.2 | 7.81 | 336.66 | 344.47 | NOTE | |
r-devel-linux-x86_64-fedora-clang | 2.0.2 | 849.23 | OK | |||
r-devel-linux-x86_64-fedora-gcc | 2.0.2 | 934.31 | OK | |||
r-devel-windows-x86_64 | 2.0.2 | 14.00 | 452.00 | 466.00 | OK | |
r-patched-linux-x86_64 | 2.0.2 | 13.38 | 514.27 | 527.65 | OK | |
r-release-linux-x86_64 | 2.0.2 | 11.23 | 503.17 | 514.40 | OK | |
r-release-macos-arm64 | 2.0.2 | 274.00 | OK | |||
r-release-macos-x86_64 | 2.0.2 | 496.00 | OK | |||
r-release-windows-x86_64 | 2.0.2 | 13.00 | 440.00 | 453.00 | OK | |
r-oldrel-macos-arm64 | 2.0.2 | 219.00 | OK | |||
r-oldrel-macos-x86_64 | 2.0.2 | 628.00 | OK | |||
r-oldrel-windows-x86_64 | 2.0.2 | 17.00 | 666.00 | 683.00 | OK |
Version: 2.0.2
Check: examples
Result: NOTE
Examples with CPU (user + system) or elapsed time > 5s
user system elapsed
BayesFBHborrow 9.289 0.226 11.624
BayesFBHborrow.WBorrow 9.136 0.098 12.250
plot.BayesFBHborrow 7.667 0.039 10.100
coef.BayesFBHborrow 3.991 0.008 5.162
summary.BayesFBHborrow 3.920 0.047 5.154
Flavor: r-devel-linux-x86_64-debian-clang
Version: 2.0.2
Check: examples
Result: NOTE
Examples with CPU (user + system) or elapsed time > 5s
user system elapsed
BayesFBHborrow 4.518 0.157 5.976
Flavor: r-devel-linux-x86_64-debian-gcc