Last updated on 2025-04-30 04:50:00 CEST.
Flavor | Version | Tinstall | Tcheck | Ttotal | Status | Flags |
---|---|---|---|---|---|---|
r-devel-linux-x86_64-debian-clang | 0.9.12-4.7 | 176.53 | 366.42 | 542.95 | OK | |
r-devel-linux-x86_64-debian-gcc | 0.9.12-4.7 | 133.33 | 261.31 | 394.64 | OK | |
r-devel-linux-x86_64-fedora-clang | 0.9.12-4.7 | 876.00 | OK | |||
r-devel-linux-x86_64-fedora-gcc | 0.9.12-4.7 | 942.24 | OK | |||
r-devel-windows-x86_64 | 0.9.12-4.7 | 203.00 | 287.00 | 490.00 | OK | |
r-patched-linux-x86_64 | 0.9.12-4.7 | 180.53 | 365.49 | 546.02 | OK | |
r-release-linux-x86_64 | 0.9.12-4.7 | 185.85 | 367.74 | 553.59 | OK | |
r-release-macos-arm64 | 0.9.12-4.7 | 228.00 | OK | |||
r-release-macos-x86_64 | 0.9.12-4.7 | 372.00 | OK | |||
r-release-windows-x86_64 | 0.9.12-4.7 | 206.00 | 285.00 | 491.00 | OK | |
r-oldrel-macos-arm64 | 0.9.12-4.7 | 186.00 | NOTE | |||
r-oldrel-macos-x86_64 | 0.9.12-4.7 | 237.00 | NOTE | |||
r-oldrel-windows-x86_64 | 0.9.12-4.7 | 226.00 | 362.00 | 588.00 | NOTE |
Version: 0.9.12-4.7
Check: installed package size
Result: NOTE
installed size is 31.8Mb
sub-directories of 1Mb or more:
doc 10.9Mb
libs 19.8Mb
Flavors: r-oldrel-macos-arm64, r-oldrel-macos-x86_64, r-oldrel-windows-x86_64
Version: 0.9.12-4.7
Check: package dependencies
Result: NOTE
Package suggested but not available for checking: 'doMC'
Flavor: r-oldrel-windows-x86_64