Last updated on 2025-02-21 03:52:07 CET.
Flavor | Version | Tinstall | Tcheck | Ttotal | Status | Flags |
---|---|---|---|---|---|---|
r-devel-linux-x86_64-debian-clang | 0.1.3 | 86.60 | 120.71 | 207.31 | OK | |
r-devel-linux-x86_64-debian-gcc | 0.1.3 | 76.96 | 86.76 | 163.72 | OK | |
r-devel-linux-x86_64-fedora-clang | 0.1.3 | 319.35 | OK | |||
r-devel-linux-x86_64-fedora-gcc | 0.1.3 | 389.30 | OK | |||
r-devel-macos-arm64 | 0.1.3 | 110.00 | OK | |||
r-devel-macos-x86_64 | 0.1.3 | 205.00 | OK | |||
r-devel-windows-x86_64 | 0.1.3 | 81.00 | 162.00 | 243.00 | OK | |
r-patched-linux-x86_64 | 0.1.3 | 100.37 | 115.03 | 215.40 | OK | |
r-release-linux-x86_64 | 0.1.3 | 94.93 | 115.91 | 210.84 | OK | |
r-release-macos-arm64 | 0.1.3 | 240.00 | NOTE | |||
r-release-macos-x86_64 | 0.1.3 | 301.00 | NOTE | |||
r-release-windows-x86_64 | 0.1.3 | 85.00 | 148.00 | 233.00 | NOTE | |
r-oldrel-macos-arm64 | 0.1.3 | 244.00 | NOTE | |||
r-oldrel-macos-x86_64 | 0.1.3 | 297.00 | NOTE | |||
r-oldrel-windows-x86_64 | 0.1.3 | 107.00 | 182.00 | 289.00 | NOTE |
Version: 0.1.3
Check: installed package size
Result: NOTE
installed size is 45.0Mb
sub-directories of 1Mb or more:
libs 43.9Mb
Flavors: r-release-macos-arm64, r-release-macos-x86_64, r-release-windows-x86_64, r-oldrel-macos-arm64, r-oldrel-macos-x86_64, r-oldrel-windows-x86_64