Last updated on 2025-04-30 04:50:00 CEST.
Flavor | Version | Tinstall | Tcheck | Ttotal | Status | Flags |
---|---|---|---|---|---|---|
r-devel-linux-x86_64-debian-clang | 0.1.3 | 84.40 | 119.98 | 204.38 | OK | |
r-devel-linux-x86_64-debian-gcc | 0.1.3 | 74.21 | 88.67 | 162.88 | OK | |
r-devel-linux-x86_64-fedora-clang | 0.1.3 | 313.99 | OK | |||
r-devel-linux-x86_64-fedora-gcc | 0.1.3 | 424.11 | OK | |||
r-devel-windows-x86_64 | 0.1.3 | 84.00 | 153.00 | 237.00 | OK | |
r-patched-linux-x86_64 | 0.1.3 | 99.74 | 118.26 | 218.00 | OK | |
r-release-linux-x86_64 | 0.1.3 | 101.47 | 119.26 | 220.73 | OK | |
r-release-macos-arm64 | 0.1.3 | 112.00 | OK | |||
r-release-macos-x86_64 | 0.1.3 | 205.00 | OK | |||
r-release-windows-x86_64 | 0.1.3 | 86.00 | 165.00 | 251.00 | OK | |
r-oldrel-macos-arm64 | 0.1.3 | 240.00 | NOTE | |||
r-oldrel-macos-x86_64 | 0.1.3 | 301.00 | NOTE | |||
r-oldrel-windows-x86_64 | 0.1.3 | 105.00 | 192.00 | 297.00 | NOTE |
Version: 0.1.3
Check: installed package size
Result: NOTE
installed size is 45.0Mb
sub-directories of 1Mb or more:
libs 43.9Mb
Flavors: r-oldrel-macos-arm64, r-oldrel-macos-x86_64, r-oldrel-windows-x86_64