Last updated on 2025-07-05 04:50:10 CEST.
Flavor | Version | Tinstall | Tcheck | Ttotal | Status | Flags |
---|---|---|---|---|---|---|
r-devel-linux-x86_64-debian-clang | 0.1.3 | 83.50 | 121.44 | 204.94 | OK | |
r-devel-linux-x86_64-debian-gcc | 0.1.3 | 72.56 | 90.14 | 162.70 | OK | |
r-devel-linux-x86_64-fedora-clang | 0.1.3 | 329.10 | OK | |||
r-devel-linux-x86_64-fedora-gcc | 0.1.3 | 391.33 | OK | |||
r-devel-windows-x86_64 | 0.1.3 | 83.00 | 156.00 | 239.00 | OK | |
r-patched-linux-x86_64 | 0.1.3 | 102.06 | 120.98 | 223.04 | OK | |
r-release-linux-x86_64 | 0.1.3 | 89.54 | 119.61 | 209.15 | OK | |
r-release-macos-arm64 | 0.1.3 | 112.00 | OK | |||
r-release-macos-x86_64 | 0.1.3 | 205.00 | OK | |||
r-release-windows-x86_64 | 0.1.3 | 84.00 | 146.00 | 230.00 | OK | |
r-oldrel-macos-arm64 | 0.1.3 | 240.00 | NOTE | |||
r-oldrel-macos-x86_64 | 0.1.3 | 301.00 | NOTE | |||
r-oldrel-windows-x86_64 | 0.1.3 | 109.00 | 193.00 | 302.00 | NOTE |
Version: 0.1.3
Check: installed package size
Result: NOTE
installed size is 45.0Mb
sub-directories of 1Mb or more:
libs 43.9Mb
Flavors: r-oldrel-macos-arm64, r-oldrel-macos-x86_64, r-oldrel-windows-x86_64