Last updated on 2025-04-30 04:50:00 CEST.
Flavor | Version | Tinstall | Tcheck | Ttotal | Status | Flags |
---|---|---|---|---|---|---|
r-devel-linux-x86_64-debian-clang | 1.9 | 12.82 | 94.98 | 107.80 | NOTE | |
r-devel-linux-x86_64-debian-gcc | 1.9 | 8.41 | 65.46 | 73.87 | NOTE | |
r-devel-linux-x86_64-fedora-clang | 1.9 | 165.51 | OK | |||
r-devel-linux-x86_64-fedora-gcc | 1.9 | 173.68 | OK | |||
r-devel-windows-x86_64 | 1.9 | 13.00 | 103.00 | 116.00 | OK | |
r-patched-linux-x86_64 | 1.9 | 13.25 | 89.71 | 102.96 | OK | |
r-release-linux-x86_64 | 1.9 | 11.74 | 91.85 | 103.59 | OK | |
r-release-macos-arm64 | 1.9 | 49.00 | OK | |||
r-release-macos-x86_64 | 1.9 | 122.00 | OK | |||
r-release-windows-x86_64 | 1.9 | 13.00 | 101.00 | 114.00 | OK | |
r-oldrel-macos-arm64 | 1.9 | 47.00 | OK | |||
r-oldrel-macos-x86_64 | 1.9 | 100.00 | OK | |||
r-oldrel-windows-x86_64 | 1.9 | 16.00 | 121.00 | 137.00 | OK |
Version: 1.9
Check: CRAN incoming feasibility
Result: NOTE
Maintainer: ‘Arthur White <arwhite@tcd.ie>’
Package CITATION file contains call(s) to old-style personList() or
as.personList(). Please use c() on person objects instead.
Package CITATION file contains call(s) to old-style citEntry(). Please
use bibentry() instead.
Flavors: r-devel-linux-x86_64-debian-clang, r-devel-linux-x86_64-debian-gcc