CRAN Package Check Results for Package BayesNSGP

Last updated on 2025-04-30 04:50:00 CEST.

Flavor Version Tinstall Tcheck Ttotal Status Flags
r-devel-linux-x86_64-debian-clang 0.1.2 17.63 133.60 151.23 NOTE
r-devel-linux-x86_64-debian-gcc 0.1.2 11.96 98.30 110.26 NOTE
r-devel-linux-x86_64-fedora-clang 0.1.2 229.12 OK
r-devel-linux-x86_64-fedora-gcc 0.1.2 240.61 OK
r-devel-windows-x86_64 0.1.2 19.00 137.00 156.00 OK
r-patched-linux-x86_64 0.1.2 17.80 128.12 145.92 OK
r-release-linux-x86_64 0.1.2 17.71 125.46 143.17 OK
r-release-macos-arm64 0.1.2 65.00 OK
r-release-macos-x86_64 0.1.2 161.00 OK
r-release-windows-x86_64 0.1.2 19.00 131.00 150.00 OK
r-oldrel-macos-arm64 0.1.2 62.00 OK
r-oldrel-macos-x86_64 0.1.2 92.00 OK
r-oldrel-windows-x86_64 0.1.2 25.00 173.00 198.00 OK

Check Details

Version: 0.1.2
Check: CRAN incoming feasibility
Result: NOTE Maintainer: ‘Daniel Turek <danielturek@gmail.com>’ No Authors@R field in DESCRIPTION. Please add one, modifying Authors@R: c(person(given = "Daniel", family = "Turek", role = c("aut", "cre"), email = "danielturek@gmail.com"), person(given = "Mark", family = "Risser", role = "aut")) as necessary. The Description field contains <arXiv:1702.00434v2>). Bayesian inference is carried out using Markov Please refer to arXiv e-prints via their arXiv DOI <doi:10.48550/arXiv.YYMM.NNNNN>. Flavors: r-devel-linux-x86_64-debian-clang, r-devel-linux-x86_64-debian-gcc

Version: 0.1.2
Check: examples
Result: NOTE Examples with CPU (user + system) or elapsed time > 5s user system elapsed nsgpModel 4.506 0.377 5.729 Flavor: r-devel-linux-x86_64-debian-clang