Last updated on 2025-04-30 04:50:00 CEST.
Flavor | Version | Tinstall | Tcheck | Ttotal | Status | Flags |
---|---|---|---|---|---|---|
r-devel-linux-x86_64-debian-clang | 0.2.0 | 8.03 | 101.71 | 109.74 | NOTE | |
r-devel-linux-x86_64-debian-gcc | 0.2.0 | 6.35 | 72.08 | 78.43 | NOTE | |
r-devel-linux-x86_64-fedora-clang | 0.2.0 | 167.08 | OK | |||
r-devel-linux-x86_64-fedora-gcc | 0.2.0 | 188.44 | OK | |||
r-devel-windows-x86_64 | 0.2.0 | 11.00 | 102.00 | 113.00 | OK | |
r-patched-linux-x86_64 | 0.2.0 | 7.98 | 94.76 | 102.74 | OK | |
r-release-linux-x86_64 | 0.2.0 | 7.27 | 95.45 | 102.72 | OK | |
r-release-macos-arm64 | 0.2.0 | 67.00 | OK | |||
r-release-macos-x86_64 | 0.2.0 | 117.00 | OK | |||
r-release-windows-x86_64 | 0.2.0 | 10.00 | 101.00 | 111.00 | OK | |
r-oldrel-macos-arm64 | 0.2.0 | 53.00 | OK | |||
r-oldrel-macos-x86_64 | 0.2.0 | 81.00 | OK | |||
r-oldrel-windows-x86_64 | 0.2.0 | 13.00 | 130.00 | 143.00 | OK |
Version: 0.2.0
Check: CRAN incoming feasibility
Result: NOTE
Maintainer: ‘Stephanie van der Pas <s.l.vanderpas@amsterdamumc.nl>’
No Authors@R field in DESCRIPTION.
Please add one, modifying
Authors@R: c(person(given = "Stephanie",
family = "van der Pas",
role = c("aut", "cre"),
email = "s.l.vanderpas@amsterdamumc.nl"),
person(given = "Ismael",
family = "Castillo",
role = "aut"))
as necessary.
The Description field contains
<arXiv:2005.02889>. In that paper it is also shown that the credible
Please refer to arXiv e-prints via their arXiv DOI <doi:10.48550/arXiv.YYMM.NNNNN>.
Flavors: r-devel-linux-x86_64-debian-clang, r-devel-linux-x86_64-debian-gcc
Version: 0.2.0
Check: examples
Result: NOTE
Examples with CPU (user + system) or elapsed time > 5s
user system elapsed
BayesSurv 4.810 0.206 6.080
PlotBayesSurv 4.107 0.060 6.838
SurvEval 3.162 0.044 5.658
Flavor: r-devel-linux-x86_64-debian-clang